{"id":4994,"date":"2020-04-09T07:58:58","date_gmt":"2020-04-09T05:58:58","guid":{"rendered":"https:\/\/church4you.be\/namur-lux\/?post_type=resource&#038;p=4994"},"modified":"2020-04-11T06:25:39","modified_gmt":"2020-04-11T04:25:39","slug":"partage-de-la-parole-vert-orange-rouge","status":"publish","type":"resource","link":"https:\/\/church4you.be\/namur-lux\/resource\/partage-de-la-parole-vert-orange-rouge\/","title":{"rendered":"Partage de la Parole (vert, orange, rouge)"},"content":{"rendered":"\n<p>Mat\u00e9riel<\/p>\n\n\n\n<p> &#8211; le texte pour chaque jeune<\/p>\n\n\n\n<p>&#8211; variante 1&nbsp;: des crayons de couleurs\/feutres\/gommettes&nbsp;: vert, orange, rouge<\/p>\n\n\n\n<p>&#8211; variante 2&nbsp;: des papiers de couleurs vert, orange, rouge ainsi que 3 corbeilles<\/p>\n\n\n\n<h2>Temps d\u2019introduction et de lancement<\/h2>\n\n\n\n<blockquote class=\"wp-block-quote\"><p><em>Nous souhaitons d\u00e9couvrir ensemble un texte de la bible \/ un \u00c9vangile.&nbsp;&nbsp; Ensemble, nous allons lire une fois le texte.<\/em><\/p><\/blockquote>\n\n\n\n<p><strong><em>Une personne lit de mani\u00e8re lente le texte.<\/em><\/strong><\/p>\n\n\n\n<blockquote class=\"wp-block-quote\"><p>     <em>Ce texte, c\u2019est la Parole de Dieu.&nbsp; Elle a est peut-\u00eatre tr\u00e8s ancienne mais elle parle encore \u00e0 l\u2019homme d\u2019aujourd\u2019hui.&nbsp; Vous allez voir que cette Parole va rejoindre, va vous \u00e9clairer sur quelque chose de votre vie d\u2019aujourd\u2019hui.<br>Ensemble, nous allons demander \u00e0 l\u2019Esprit-Saint de venir au milieu de nous et en chacun de nous pour que nous puissions comprendre, d\u00e9couvrir, go\u00fbter cette Parole de Dieu que nous allons partager ensemble<\/em><\/p><p><strong><em>Au nom du P\u00e8re et du Fils et du Saint-Esprit<\/em><\/strong><\/p><p><strong><em>Prendre un chant \u00e0 l\u2019Esprit-Saint que l\u2019animateur pourra poursuivre par une invocation spontan\u00e9e.<\/em><\/strong><\/p><\/blockquote>\n\n\n\n<p>Si le groupe est important, partager les jeunes pour faire des sous-groupes de 6\/8 personnes dont un animateur (dans la mesure du possible).<\/p>\n\n\n\n<h2>Temps personnel<\/h2>\n\n\n\n<p>(Note pour l\u2019animateur&nbsp;: il y a ici la possibilit\u00e9 de suivre 2 variantes.&nbsp; Le choix de celle-ci d\u00e9pend de vos jeunes&nbsp;: quel \u00e2ge ont-ils&nbsp;?&nbsp; Se connaissent-ils bien&nbsp;?&nbsp; Sont-ils bienveillant les uns par rapport aux autres&nbsp;?<\/p>\n\n\n\n<p>La variante1 n\u00e9cessite que le jeune exprime ses choix de couleurs mais il n\u2019y a aucune production d\u2019\u00e9crit.<br>La variante 2 permet un anonymat mais n\u00e9cessite une production d\u2019\u00e9crit pour pr\u00e9ciser sa pens\u00e9e, ses questions ce qui peut-\u00eatre fastidieux pour certains jeunes.)<\/p>\n\n\n\n<p><u>Variante 1<\/u>&nbsp;: chaque jeune et animateur &nbsp;note sur sa feuille avec les crayons \/ gommettes<\/p>\n\n\n\n<p><u>Variante 2<\/u><em>&nbsp;<\/em>: chaque jeune et animateur note sur les papiers de couleurs&nbsp;:<\/p>\n\n\n\n<p><span style=\"color:#ffc20b\" class=\"tadv-color\">orange&nbsp;:<\/span> ce que je ne comprends pas et que j\u2019aimerais comprendre.&nbsp; Cela me pose questions<\/p>\n\n\n\n<p><span style=\"color:#ed1e79\" class=\"tadv-color\">rouge<\/span>&nbsp;: ce qui m\u2019arr\u00eate.&nbsp; Pour l\u2019instant, je ne suis pas d\u2019accord<\/p>\n\n\n\n<p><span style=\"color:#8cc63f\" class=\"tadv-color\">vert<\/span>&nbsp;: tout ce qui me permet d\u2019avancer, de grandir.&nbsp; Bonne nouvelle pour moi.<\/p>\n\n\n\n<p>(encourager et aider les personnes \u00e0 s\u2019exprimer en \u00ab&nbsp;je&nbsp;\u00bb.)<\/p>\n\n\n\n<p>Pr\u00e9voir une dizaine de minutes pour permettre la relecture du texte et la mise en couleur \/ la r\u00e9daction des cartes.&nbsp;<\/p>\n\n\n\n<p>Dans la variante 2&nbsp;:<\/p>\n\n\n\n<p>Attention, une seule id\u00e9e par carte.&nbsp; Donc une m\u00eame personne peut avoir 3 cartes vertes, 2 oranges et 1 rouge, par exemple.<\/p>\n\n\n\n<p>Les cartes de couleurs sont d\u00e9pos\u00e9es au centre du groupe dans les trois paniers.<\/p>\n\n\n\n<h2>Temps de partager<\/h2>\n\n\n\n<p>Le partage d\u00e9bute toujours par les questions orange.&nbsp; Les r\u00e9ponses sont donn\u00e9es par tout le groupe&nbsp;: <em>\u00ab&nbsp;Est-ce que quelqu\u2019un sait r\u00e9pondre&nbsp; \u00e0 la&nbsp; question ?&nbsp;\u00bb<\/em>; l\u2019animateur attend que les jeunes aient donner leur avis pour donner son \u00e9clairage.&nbsp;<\/p>\n\n\n\n<p>Ensuite l\u2019\u00e9change se fait sur les questions rouge.<\/p>\n\n\n\n<p>Puis le partage se termine par les \u00e9l\u00e9ments vert.<\/p>\n\n\n\n<h2>Temps de conclusion<\/h2>\n\n\n\n<p>Le temps de partage peut se conclure par une petite reprise \/ c\u00e9l\u00e9bration en commun.<\/p>\n\n\n\n<p>Dans un temps de silence, avec ou sans fond musical doux, chacun peut r\u00e9fl\u00e9chir \u00e0 quelle parole du texte, quel \u00e9l\u00e9ment je veux retenir.<\/p>\n\n\n\n<p>Ceci peut-\u00eatre not\u00e9 sur un papier, carton, avec une forme sp\u00e9cifique, d\u00e9cor\u00e9, \u2026 (libre cours \u00e0 la cr\u00e9ativit\u00e9) pour \u00eatre repris \u00e0 la maison.<\/p>\n\n\n\n<p>Pour les jeunes de 16 ans et plus, on peut les inviter \u00e0 r\u00e9fl\u00e9chir, noter et repartir avec les r\u00e9ponses aux trois questions&nbsp;:<\/p>\n\n\n\n<ol><li>Qu\u2019est ce que texte dit sur Dieu&nbsp;?<\/li><li>Qu\u2019est-ce que Dieu me dit, me demande par ce texte&nbsp;?<\/li><li>Qu\u2019est-ce que je r\u00e9pond \u00e0 Dieu&nbsp;?<\/li><\/ol>\n\n\n\n<p>PS&nbsp;: cette m\u00e9thode pourra \u00eatre pr\u00e9c\u00e9d\u00e9e d\u2019un jeu, que vous retrouver sur notre site, sous le titre \u00ab&nbsp;Entrer dans la Parole&nbsp;\u00bb.<\/p>\n","protected":false},"excerpt":{"rendered":"<p>Mat\u00e9riel &#8211; le texte pour chaque jeune &#8211; variante 1&nbsp;: des crayons de couleurs\/feutres\/gommettes&nbsp;: vert, orange, rouge &#8211; variante 2&nbsp;: des papiers de couleurs vert, orange, rouge ainsi que 3 corbeilles Temps d\u2019introduction et de lancement Nous souhaitons d\u00e9couvrir ensemble un texte de la bible \/ un \u00c9vangile.&nbsp;&nbsp; Ensemble, nous allons lire une fois le &hellip; <\/p>\n<p class=\"link-more\"><a href=\"https:\/\/church4you.be\/namur-lux\/resource\/partage-de-la-parole-vert-orange-rouge\/\" class=\"more-link\">Continue reading<span class=\"screen-reader-text\"> \u00ab\u00a0Partage de la Parole (vert, orange, rouge)\u00a0\u00bb<\/span><\/a><\/p>\n","protected":false},"author":8,"featured_media":5005,"template":"","tags":[],"_links":{"self":[{"href":"https:\/\/church4you.be\/namur-lux\/wp-json\/wp\/v2\/resource\/4994"}],"collection":[{"href":"https:\/\/church4you.be\/namur-lux\/wp-json\/wp\/v2\/resource"}],"about":[{"href":"https:\/\/church4you.be\/namur-lux\/wp-json\/wp\/v2\/types\/resource"}],"author":[{"embeddable":true,"href":"https:\/\/church4you.be\/namur-lux\/wp-json\/wp\/v2\/users\/8"}],"wp:featuredmedia":[{"embeddable":true,"href":"https:\/\/church4you.be\/namur-lux\/wp-json\/wp\/v2\/media\/5005"}],"wp:attachment":[{"href":"https:\/\/church4you.be\/namur-lux\/wp-json\/wp\/v2\/media?parent=4994"}],"wp:term":[{"taxonomy":"post_tag","embeddable":true,"href":"https:\/\/church4you.be\/namur-lux\/wp-json\/wp\/v2\/tags?post=4994"}],"curies":[{"name":"wp","href":"https:\/\/api.w.org\/{rel}","templated":true}]}}

<p>Matériel</p>



<p> &#8211; le texte pour chaque jeune</p>



<p>&#8211; variante 1&nbsp;: des crayons de couleurs/feutres/gommettes&nbsp;: vert, orange, rouge</p>



<p>&#8211; variante 2&nbsp;: des papiers de couleurs vert, orange, rouge ainsi que 3 corbeilles</p>



<h2>Temps d’introduction et de lancement</h2>



<blockquote class="wp-block-quote"><p><em>Nous souhaitons découvrir ensemble un texte de la bible / un Évangile.&nbsp;&nbsp; Ensemble, nous allons lire une fois le texte.</em></p></blockquote>



<p><strong><em>Une personne lit de manière lente le texte.</em></strong></p>



<blockquote class="wp-block-quote"><p>     <em>Ce texte, c’est la Parole de Dieu.&nbsp; Elle a est peut-être très ancienne mais elle parle encore à l’homme d’aujourd’hui.&nbsp; Vous allez voir que cette Parole va rejoindre, va vous éclairer sur quelque chose de votre vie d’aujourd’hui.<br>Ensemble, nous allons demander à l’Esprit-Saint de venir au milieu de nous et en chacun de nous pour que nous puissions comprendre, découvrir, goûter cette Parole de Dieu que nous allons partager ensemble</em></p><p><strong><em>Au nom du Père et du Fils et du Saint-Esprit</em></strong></p><p><strong><em>Prendre un chant à l’Esprit-Saint que l’animateur pourra poursuivre par une invocation spontanée.</em></strong></p></blockquote>



<p>Si le groupe est important, partager les jeunes pour faire des sous-groupes de 6/8 personnes dont un animateur (dans la mesure du possible).</p>



<h2>Temps personnel</h2>



<p>(Note pour l’animateur&nbsp;: il y a ici la possibilité de suivre 2 variantes.&nbsp; Le choix de celle-ci dépend de vos jeunes&nbsp;: quel âge ont-ils&nbsp;?&nbsp; Se connaissent-ils bien&nbsp;?&nbsp; Sont-ils bienveillant les uns par rapport aux autres&nbsp;?</p>



<p>La variante1 nécessite que le jeune exprime ses choix de couleurs mais il n’y a aucune production d’écrit.<br>La variante 2 permet un anonymat mais nécessite une production d’écrit pour préciser sa pensée, ses questions ce qui peut-être fastidieux pour certains jeunes.)</p>



<p><u>Variante 1</u>&nbsp;: chaque jeune et animateur &nbsp;note sur sa feuille avec les crayons / gommettes</p>



<p><u>Variante 2</u><em>&nbsp;</em>: chaque jeune et animateur note sur les papiers de couleurs&nbsp;:</p>



<p><span style="color:#ffc20b" class="tadv-color">orange&nbsp;:</span> ce que je ne comprends pas et que j’aimerais comprendre.&nbsp; Cela me pose questions</p>



<p><span style="color:#ed1e79" class="tadv-color">rouge</span>&nbsp;: ce qui m’arrête.&nbsp; Pour l’instant, je ne suis pas d’accord</p>



<p><span style="color:#8cc63f" class="tadv-color">vert</span>&nbsp;: tout ce qui me permet d’avancer, de grandir.&nbsp; Bonne nouvelle pour moi.</p>



<p>(encourager et aider les personnes à s’exprimer en «&nbsp;je&nbsp;».)</p>



<p>Prévoir une dizaine de minutes pour permettre la relecture du texte et la mise en couleur / la rédaction des cartes.&nbsp;</p>



<p>Dans la variante 2&nbsp;:</p>



<p>Attention, une seule idée par carte.&nbsp; Donc une même personne peut avoir 3 cartes vertes, 2 oranges et 1 rouge, par exemple.</p>



<p>Les cartes de couleurs sont déposées au centre du groupe dans les trois paniers.</p>



<h2>Temps de partager</h2>



<p>Le partage débute toujours par les questions orange.&nbsp; Les réponses sont données par tout le groupe&nbsp;: <em>«&nbsp;Est-ce que quelqu’un sait répondre&nbsp; à la&nbsp; question ?&nbsp;»</em>; l’animateur attend que les jeunes aient donner leur avis pour donner son éclairage.&nbsp;</p>



<p>Ensuite l’échange se fait sur les questions rouge.</p>



<p>Puis le partage se termine par les éléments vert.</p>



<h2>Temps de conclusion</h2>



<p>Le temps de partage peut se conclure par une petite reprise / célébration en commun.</p>



<p>Dans un temps de silence, avec ou sans fond musical doux, chacun peut réfléchir à quelle parole du texte, quel élément je veux retenir.</p>



<p>Ceci peut-être noté sur un papier, carton, avec une forme spécifique, décoré, … (libre cours à la créativité) pour être repris à la maison.</p>



<p>Pour les jeunes de 16 ans et plus, on peut les inviter à réfléchir, noter et repartir avec les réponses aux trois questions&nbsp;:</p>



<ol><li>Qu’est ce que texte dit sur Dieu&nbsp;?</li><li>Qu’est-ce que Dieu me dit, me demande par ce texte&nbsp;?</li><li>Qu’est-ce que je répond à Dieu&nbsp;?</li></ol>



<p>PS&nbsp;: cette méthode pourra être précédée d’un jeu, que vous retrouver sur notre site, sous le titre «&nbsp;Entrer dans la Parole&nbsp;».</p>

<p>Matériel &#8211; le texte pour chaque jeune &#8211; variante 1&nbsp;: des crayons de couleurs/feutres/gommettes&nbsp;: vert, orange, rouge &#8211; variante 2&nbsp;: des papiers de couleurs vert, orange, rouge ainsi que 3 corbeilles Temps d’introduction et de lancement Nous souhaitons découvrir ensemble un texte de la bible / un Évangile.&nbsp;&nbsp; Ensemble, nous allons lire une fois le &hellip; </p>
<p class="link-more"><a href="https://church4you.be/namur-lux/resource/partage-de-la-parole-vert-orange-rouge/" class="more-link">Continue reading<span class="screen-reader-text"> « Partage de la Parole (vert, orange, rouge) »</span></a></p>
