{"id":10688,"date":"2024-04-18T12:01:09","date_gmt":"2024-04-18T10:01:09","guid":{"rendered":"https:\/\/church4you.be\/namur-lux\/?post_type=resource&#038;p=10688"},"modified":"2024-04-18T16:27:56","modified_gmt":"2024-04-18T14:27:56","slug":"les-verts-paturages-de-la-spiritualite","status":"publish","type":"resource","link":"https:\/\/church4you.be\/namur-lux\/resource\/les-verts-paturages-de-la-spiritualite\/","title":{"rendered":"Les verts p\u00e2turages de la spiritualit\u00e9"},"content":{"rendered":"\n<p><strong>\u00catre croyants, c&rsquo;est parfois accepter un pack sans avoir r\u00e9fl\u00e9chi \u00e0 tout ce qu&rsquo;il y a dedans. Cependant, en approfondissant quelques questions, peut-\u00eatre d\u00e9couvrirons-nous des parties de r\u00e9flexions th\u00e9ologiques inconnues et peut-\u00eatre m\u00eame avec lesquelles il y a d\u00e9saccord. L\u2019\u00c9glise porte une foi commune, mais elle se sait constitu\u00e9 d&rsquo;individus vari\u00e9s. Alors, pour notre sant\u00e9 spirituelle, mieux vaut donc discuter<\/strong> <strong>ensemble m\u00eame si la r\u00e9flexion n&rsquo;est pas toujours tr\u00e8s catholique plut\u00f4t que de suivre comme un mouton. <\/strong><\/p>\n\n\n\n<p style=\"color:#b00000\">Lors de cette animation, nous proposons aux plus grands (\u00e0 partir de 17 ans) de questionner leur foi. Pas de mauvaise r\u00e9ponse ici! M\u00eame si la r\u00e9ponse d&rsquo;un\u00b7e participant\u00b7e ne rentre pas dans la \u00ab\u00a0norme\u00a0\u00bb, il s&rsquo;agit ici de n&rsquo;\u00e9mettre aucun jugement.<\/p>\n\n\n\n<figure class=\"wp-block-image size-full\"><img loading=\"lazy\" width=\"1192\" height=\"341\" src=\"https:\/\/church4you.be\/namur-lux\/wp-content\/uploads\/sites\/6\/2024\/04\/paturage.jpg\" alt=\"\" class=\"wp-image-10695\" srcset=\"https:\/\/church4you.be\/namur-lux\/wp-content\/uploads\/sites\/6\/2024\/04\/paturage.jpg 1192w, https:\/\/church4you.be\/namur-lux\/wp-content\/uploads\/sites\/6\/2024\/04\/paturage-580x166.jpg 580w, https:\/\/church4you.be\/namur-lux\/wp-content\/uploads\/sites\/6\/2024\/04\/paturage-250x72.jpg 250w, https:\/\/church4you.be\/namur-lux\/wp-content\/uploads\/sites\/6\/2024\/04\/paturage-768x220.jpg 768w, https:\/\/church4you.be\/namur-lux\/wp-content\/uploads\/sites\/6\/2024\/04\/paturage-75x21.jpg 75w\" sizes=\"(max-width: 1192px) 100vw, 1192px\" \/><\/figure>\n\n\n\n<h2>D\u00e9roulement<\/h2>\n\n\n\n<p>Rassemblez au centre d&rsquo;une table autant de pions que de participants. Pr\u00e9sentez une premi\u00e8re rose des vents (cf. document ci-dessous). Chaque rose des vents pr\u00e9sente un sujet au centre et une proposition \u00e0 chaque point cardinal. Les participant\u00b7es doivent alors d\u00e9placer leur pion de 0 \u00e0 10 centim\u00e8tres en fonction de leur proposition pr\u00e9f\u00e9r\u00e9e. Il est \u00e9videmment possible d&rsquo;avancer vers des orientations interm\u00e9diaires.<\/p>\n\n\n\n<p>Discutez ensemble des choix de chacun\u00b7e, mais aussi des impossibilit\u00e9s de choisir. Chacun expose son point de vue. \u00c9vitez les d\u00e9bats. Vous pouvez \u00e9ventuellement ajouter un pion chr\u00e9tien et d&rsquo;autres religions. Quand tout le monde aura parl\u00e9 discerner ensemble la direction de ces pions communs. <\/p>\n\n\n\n<p>Prenez ensuite une nouvelle rose des vents. Les participant\u00b7es bougeront alors leur pion \u00e0 partir de leur position actuelle (sans revenir au centre). Une fois les quatre roses des vents pr\u00e9-\u00e9crites r\u00e9alis\u00e9es, vous pouvez trouver ensemble d&rsquo;autres questions que le groupe voudrait se poser et r\u00e9fl\u00e9chir aux diff\u00e9rentes directions possibles.  <\/p>\n\n\n\n<div class=\"wp-block-file\"><a href=\"https:\/\/church4you.be\/namur-lux\/wp-content\/uploads\/sites\/6\/2024\/04\/roses-des-vents.pdf\" class=\"wp-block-file__button\" download>roses des vents<\/a><\/div>\n\n\n\n<h2>Exemple<\/h2>\n\n\n\n<p>La rose des vents sur la divinit\u00e9 vient d&rsquo;\u00eatre pos\u00e9e. Chacun\u00b7e d\u00e9place son pion sans faire de commentaire. Dans la mesure du possible, si une question se pose un intitul\u00e9, dites que chacun\u00b7e est libre de pr\u00e9ciser sa compr\u00e9hension lors du tour de parole. Les participants expliquent ensuite leur d\u00e9placement. <strong>N&rsquo;\u00e9mettez aucun jugement<\/strong>. Dans un premier temps, \u00e9coutez. Vous serez \u00e9tonn\u00e9 d&rsquo;entendre le chemin spirituel de celles et ceux qui ont pris le temps de r\u00e9fl\u00e9chir \u00e0 ces questions. Pour cette question en particulier, la justification am\u00e8nera beaucoup de nuance. Une r\u00e9ponse telle que \u00ab\u00a0la divinit\u00e9 est une projection de la l&rsquo;humanit\u00e9\u00a0\u00bb peut m\u00eame s&rsquo;expliquer de mani\u00e8re chr\u00e9tienne si l&rsquo;on consid\u00e8re que nos repr\u00e9sentations seront toujours insuffisantes pour dire Dieu. \u00c0 l&rsquo;inverse, si la foi chr\u00e9tienne dit que Dieu agit dans le monde, un\u00b7e participante peut tout \u00e0 fait pr\u00e9senter un Dieu interventionniste. Dans un deuxi\u00e8me temps alors, vous pourrez inviter les participants \u00e0 positionner le pion de la foi de l&rsquo;\u00c9glise. \u00c0 nouveau, le but n&rsquo;est pas d&rsquo;avoir la bonne r\u00e9ponse. Chacun\u00b7es des participants reste maitre de sa foi.<\/p>\n\n\n\n<h2>Point d&rsquo;attention<\/h2>\n\n\n\n<p>Il est n\u00e9cessaire de le dire encore une fois : cette animation n&rsquo;a pas pour but de normer ou de \u00ab\u00a0redresser\u00a0\u00bb la foi de quiconque. Soyez donc pr\u00e9par\u00e9s au fait que <a href=\"https:\/\/www.la-croix.com\/Religion\/Spiritualite\/L-au-dela-chantier-pour-les-croyants-_NG_-2004-11-01-506354\">20% des catholiques pratiquants r\u00e9guliers fran\u00e7ais croient qu&rsquo;il n&rsquo;y a rien apr\u00e8s la mort<\/a> et <a href=\"https:\/\/www.la-croix.com\/Abonnes\/Theologie\/Les-autres-religions\/La-reincarnation-et-la-loi-mysterieuse-de-la-Croix\">19% croient en la r\u00e9incarnation<\/a>. Il n&rsquo;est alors pas inimaginable de se dire chr\u00e9tien et croyant en la r\u00e9incarnation, m\u00eame si ce n&rsquo;est pas ce que croit l\u2019\u00c9glise. Le but n&rsquo;est pas de savoir s&rsquo;il vaut mieux \u00eatre chr\u00e9tien et ne pas croire en la vie apr\u00e8s la mort ou \u00eatre chr\u00e9tien et croire en la r\u00e9incarnation. Le but de cet \u00e9change est que chacun\u00b7e puisse d\u00e9ployer sa r\u00e9flexion et \u00e9ventuellement soulever ses propres contradictions et incoh\u00e9rences. En outre, tout le monde ne met pas une m\u00eame r\u00e9alit\u00e9 derri\u00e8re un m\u00eame mot. Certain\u00b7es peuvent donc croire \u00e0 la r\u00e9surrection et \u00e0 la r\u00e9incarnation. Ne sous-estimez pas non plus certains points d\u2019incompr\u00e9hension comme la r\u00e9surrection de la chair. <\/p>\n\n\n\n<h2>Pour d\u00e9ployer l&rsquo;animation<\/h2>\n\n\n\n<p>Pour plus d&rsquo;immersion, lors de notre animation nous avons utilis\u00e9 un tapis d&rsquo;herbe et \u00e0 la place des pions des moutons de d\u00e9cors de train \u00e9lectrique.<\/p>\n\n\n\n<p>Pour d\u00e9ployer ce th\u00e8me, nous vous proposons de prendre le <a href=\"https:\/\/www.aelf.org\/bible\/Ps\/22\">Psaume 22<\/a> en introduction. Il existe diff\u00e9rentes versions du chant. Celle du <a href=\"https:\/\/www.youtube.com\/watch?v=Jjk99ZItQw8\">chemin n\u00e9ocat\u00e9chum\u00e9na<\/a>l d\u00e9veloppe une certaine puissance.<\/p>\n\n\n\n<p>Dans l&rsquo;univers du p\u00e2turage, une r\u00e9flexion philosophique sur la question <a href=\"https:\/\/www.radiofrance.fr\/franceinter\/podcasts\/la-question-philo\/la-question-philo-du-samedi-09-decembre-2023-1940980\">L&rsquo;herbe est-elle plus verte ailleurs&nbsp;?<\/a> Constitue une belle introduction pour des plus de 18ans. Avant de faire l&rsquo;animation ensemble, les participan\u00b7es peuvent r\u00e9fl\u00e9chir seul\u00b7e \u00e0 ces deux questions : Qu\u2019est-ce qui me nourrir spirituellement&nbsp;? et Qu\u2019est-ce que je peux faire pour faire pousser mon herbe&nbsp;? <\/p>\n\n\n\n<p>En terme de contenu, nous vous proposons un extrait de <em><strong><a href=\"https:\/\/youtu.be\/rrQjeMpq9LU?t=660\">Samuel Grzybowski, Et si les religions faisaient partie de la solution<\/a>&nbsp;<\/strong><\/em>\u00e0 partir de la minute 11. Cela introduit la richesse des diff\u00e9rentes convictions. Vous pourrez alors amener le sujet de l&rsquo;interculturalit\u00e9. Lors du moment de pri\u00e8re, nous avons demand\u00e9 aux participant\u00b7es d&rsquo;\u00e9crire les trois premiers mots qui leur passaient par la t\u00eate \u00e0 propos du christianisme, de l&rsquo;islam et du juda\u00efsme. Il peuvent ensuite \u00eatre relus \u00e0 l&rsquo;aide de <a href=\"https:\/\/infogram.com\/les-prejuges-des-jeunes-sur-les-religions-1h7v4pjx0jl84k0\">cette animation du groupe Coexister<\/a>. <\/p>\n\n\n\n<p>Enfin pour celles et ceux qui souhaitent voici un&nbsp;court m\u00e9trage humoristique, mais un peu trash.<\/p>\n\n\n\n<figure class=\"wp-block-embed is-type-video is-provider-youtube wp-block-embed-youtube wp-embed-aspect-16-9 wp-has-aspect-ratio\"><div class=\"wp-block-embed__wrapper\">\n<iframe loading=\"lazy\" title=\"Oh Sheep!\" width=\"500\" height=\"281\" src=\"https:\/\/www.youtube.com\/embed\/sY5MmhLQBng?list=PLIlwMkNgeVCaDSGhId1xcI9NfTcj0fHjB\" frameborder=\"0\" allow=\"accelerometer; autoplay; clipboard-write; encrypted-media; gyroscope; picture-in-picture; web-share\" referrerpolicy=\"strict-origin-when-cross-origin\" allowfullscreen><\/iframe>\n<\/div><\/figure>\n\n\n\n<p><\/p>\n","protected":false},"excerpt":{"rendered":"<p>\u00catre croyants, c&rsquo;est parfois accepter un pack sans avoir r\u00e9fl\u00e9chi \u00e0 tout ce qu&rsquo;il y a dedans. Cependant, en approfondissant quelques questions, peut-\u00eatre d\u00e9couvrirons-nous des parties de r\u00e9flexions th\u00e9ologiques inconnues et peut-\u00eatre m\u00eame avec lesquelles il y a d\u00e9saccord. L\u2019\u00c9glise porte une foi commune, mais elle se sait constitu\u00e9 d&rsquo;individus vari\u00e9s. Alors, pour notre sant\u00e9 &hellip; <\/p>\n<p class=\"link-more\"><a href=\"https:\/\/church4you.be\/namur-lux\/resource\/les-verts-paturages-de-la-spiritualite\/\" class=\"more-link\">Continue reading<span class=\"screen-reader-text\"> \u00ab\u00a0Les verts p\u00e2turages de la spiritualit\u00e9\u00a0\u00bb<\/span><\/a><\/p>\n","protected":false},"author":8,"featured_media":10692,"template":"","tags":[],"_links":{"self":[{"href":"https:\/\/church4you.be\/namur-lux\/wp-json\/wp\/v2\/resource\/10688"}],"collection":[{"href":"https:\/\/church4you.be\/namur-lux\/wp-json\/wp\/v2\/resource"}],"about":[{"href":"https:\/\/church4you.be\/namur-lux\/wp-json\/wp\/v2\/types\/resource"}],"author":[{"embeddable":true,"href":"https:\/\/church4you.be\/namur-lux\/wp-json\/wp\/v2\/users\/8"}],"wp:featuredmedia":[{"embeddable":true,"href":"https:\/\/church4you.be\/namur-lux\/wp-json\/wp\/v2\/media\/10692"}],"wp:attachment":[{"href":"https:\/\/church4you.be\/namur-lux\/wp-json\/wp\/v2\/media?parent=10688"}],"wp:term":[{"taxonomy":"post_tag","embeddable":true,"href":"https:\/\/church4you.be\/namur-lux\/wp-json\/wp\/v2\/tags?post=10688"}],"curies":[{"name":"wp","href":"https:\/\/api.w.org\/{rel}","templated":true}]}}

Les verts pâturages de la spiritualité

<p><strong>Être croyants, c&rsquo;est parfois accepter un pack sans avoir réfléchi à tout ce qu&rsquo;il y a dedans. Cependant, en approfondissant quelques questions, peut-être découvrirons-nous des parties de réflexions théologiques inconnues et peut-être même avec lesquelles il y a désaccord. L’Église porte une foi commune, mais elle se sait constitué d&rsquo;individus variés. Alors, pour notre santé spirituelle, mieux vaut donc discuter</strong> <strong>ensemble même si la réflexion n&rsquo;est pas toujours très catholique plutôt que de suivre comme un mouton. </strong></p>



<p style="color:#b00000">Lors de cette animation, nous proposons aux plus grands (à partir de 17 ans) de questionner leur foi. Pas de mauvaise réponse ici! Même si la réponse d&rsquo;un·e participant·e ne rentre pas dans la « norme », il s&rsquo;agit ici de n&rsquo;émettre aucun jugement.</p>



<figure class="wp-block-image size-full"><img loading="lazy" width="1192" height="341" src="https://church4you.be/namur-lux/wp-content/uploads/sites/6/2024/04/paturage.jpg" alt="" class="wp-image-10695" srcset="https://church4you.be/namur-lux/wp-content/uploads/sites/6/2024/04/paturage.jpg 1192w, https://church4you.be/namur-lux/wp-content/uploads/sites/6/2024/04/paturage-580x166.jpg 580w, https://church4you.be/namur-lux/wp-content/uploads/sites/6/2024/04/paturage-250x72.jpg 250w, https://church4you.be/namur-lux/wp-content/uploads/sites/6/2024/04/paturage-768x220.jpg 768w, https://church4you.be/namur-lux/wp-content/uploads/sites/6/2024/04/paturage-75x21.jpg 75w" sizes="(max-width: 1192px) 100vw, 1192px" /></figure>



<h2>Déroulement</h2>



<p>Rassemblez au centre d&rsquo;une table autant de pions que de participants. Présentez une première rose des vents (cf. document ci-dessous). Chaque rose des vents présente un sujet au centre et une proposition à chaque point cardinal. Les participant·es doivent alors déplacer leur pion de 0 à 10 centimètres en fonction de leur proposition préférée. Il est évidemment possible d&rsquo;avancer vers des orientations intermédiaires.</p>



<p>Discutez ensemble des choix de chacun·e, mais aussi des impossibilités de choisir. Chacun expose son point de vue. Évitez les débats. Vous pouvez éventuellement ajouter un pion chrétien et d&rsquo;autres religions. Quand tout le monde aura parlé discerner ensemble la direction de ces pions communs. </p>



<p>Prenez ensuite une nouvelle rose des vents. Les participant·es bougeront alors leur pion à partir de leur position actuelle (sans revenir au centre). Une fois les quatre roses des vents pré-écrites réalisées, vous pouvez trouver ensemble d&rsquo;autres questions que le groupe voudrait se poser et réfléchir aux différentes directions possibles.  </p>



<div class="wp-block-file"><a href="https://church4you.be/namur-lux/wp-content/uploads/sites/6/2024/04/roses-des-vents.pdf" class="wp-block-file__button" download>roses des vents</a></div>



<h2>Exemple</h2>



<p>La rose des vents sur la divinité vient d&rsquo;être posée. Chacun·e déplace son pion sans faire de commentaire. Dans la mesure du possible, si une question se pose un intitulé, dites que chacun·e est libre de préciser sa compréhension lors du tour de parole. Les participants expliquent ensuite leur déplacement. <strong>N&rsquo;émettez aucun jugement</strong>. Dans un premier temps, écoutez. Vous serez étonné d&rsquo;entendre le chemin spirituel de celles et ceux qui ont pris le temps de réfléchir à ces questions. Pour cette question en particulier, la justification amènera beaucoup de nuance. Une réponse telle que « la divinité est une projection de la l&rsquo;humanité » peut même s&rsquo;expliquer de manière chrétienne si l&rsquo;on considère que nos représentations seront toujours insuffisantes pour dire Dieu. À l&rsquo;inverse, si la foi chrétienne dit que Dieu agit dans le monde, un·e participante peut tout à fait présenter un Dieu interventionniste. Dans un deuxième temps alors, vous pourrez inviter les participants à positionner le pion de la foi de l&rsquo;Église. À nouveau, le but n&rsquo;est pas d&rsquo;avoir la bonne réponse. Chacun·es des participants reste maitre de sa foi.</p>



<h2>Point d&rsquo;attention</h2>



<p>Il est nécessaire de le dire encore une fois : cette animation n&rsquo;a pas pour but de normer ou de « redresser » la foi de quiconque. Soyez donc préparés au fait que <a href="https://www.la-croix.com/Religion/Spiritualite/L-au-dela-chantier-pour-les-croyants-_NG_-2004-11-01-506354">20% des catholiques pratiquants réguliers français croient qu&rsquo;il n&rsquo;y a rien après la mort</a> et <a href="https://www.la-croix.com/Abonnes/Theologie/Les-autres-religions/La-reincarnation-et-la-loi-mysterieuse-de-la-Croix">19% croient en la réincarnation</a>. Il n&rsquo;est alors pas inimaginable de se dire chrétien et croyant en la réincarnation, même si ce n&rsquo;est pas ce que croit l’Église. Le but n&rsquo;est pas de savoir s&rsquo;il vaut mieux être chrétien et ne pas croire en la vie après la mort ou être chrétien et croire en la réincarnation. Le but de cet échange est que chacun·e puisse déployer sa réflexion et éventuellement soulever ses propres contradictions et incohérences. En outre, tout le monde ne met pas une même réalité derrière un même mot. Certain·es peuvent donc croire à la résurrection et à la réincarnation. Ne sous-estimez pas non plus certains points d’incompréhension comme la résurrection de la chair. </p>



<h2>Pour déployer l&rsquo;animation</h2>



<p>Pour plus d&rsquo;immersion, lors de notre animation nous avons utilisé un tapis d&rsquo;herbe et à la place des pions des moutons de décors de train électrique.</p>



<p>Pour déployer ce thème, nous vous proposons de prendre le <a href="https://www.aelf.org/bible/Ps/22">Psaume 22</a> en introduction. Il existe différentes versions du chant. Celle du <a href="https://www.youtube.com/watch?v=Jjk99ZItQw8">chemin néocatéchuména</a>l développe une certaine puissance.</p>



<p>Dans l&rsquo;univers du pâturage, une réflexion philosophique sur la question <a href="https://www.radiofrance.fr/franceinter/podcasts/la-question-philo/la-question-philo-du-samedi-09-decembre-2023-1940980">L&rsquo;herbe est-elle plus verte ailleurs&nbsp;?</a> Constitue une belle introduction pour des plus de 18ans. Avant de faire l&rsquo;animation ensemble, les participan·es peuvent réfléchir seul·e à ces deux questions : Qu’est-ce qui me nourrir spirituellement&nbsp;? et Qu’est-ce que je peux faire pour faire pousser mon herbe&nbsp;? </p>



<p>En terme de contenu, nous vous proposons un extrait de <em><strong><a href="https://youtu.be/rrQjeMpq9LU?t=660">Samuel Grzybowski, Et si les religions faisaient partie de la solution</a>&nbsp;</strong></em>à partir de la minute 11. Cela introduit la richesse des différentes convictions. Vous pourrez alors amener le sujet de l&rsquo;interculturalité. Lors du moment de prière, nous avons demandé aux participant·es d&rsquo;écrire les trois premiers mots qui leur passaient par la tête à propos du christianisme, de l&rsquo;islam et du judaïsme. Il peuvent ensuite être relus à l&rsquo;aide de <a href="https://infogram.com/les-prejuges-des-jeunes-sur-les-religions-1h7v4pjx0jl84k0">cette animation du groupe Coexister</a>. </p>



<p>Enfin pour celles et ceux qui souhaitent voici un&nbsp;court métrage humoristique, mais un peu trash.</p>



<figure class="wp-block-embed is-type-video is-provider-youtube wp-block-embed-youtube wp-embed-aspect-16-9 wp-has-aspect-ratio"><div class="wp-block-embed__wrapper">
<iframe loading="lazy" title="Oh Sheep!" width="500" height="281" src="https://www.youtube.com/embed/sY5MmhLQBng?list=PLIlwMkNgeVCaDSGhId1xcI9NfTcj0fHjB" frameborder="0" allow="accelerometer; autoplay; clipboard-write; encrypted-media; gyroscope; picture-in-picture; web-share" referrerpolicy="strict-origin-when-cross-origin" allowfullscreen></iframe>
</div></figure>



<p></p>

<p>Être croyants, c&rsquo;est parfois accepter un pack sans avoir réfléchi à tout ce qu&rsquo;il y a dedans. Cependant, en approfondissant quelques questions, peut-être découvrirons-nous des parties de réflexions théologiques inconnues et peut-être même avec lesquelles il y a désaccord. L’Église porte une foi commune, mais elle se sait constitué d&rsquo;individus variés. Alors, pour notre santé &hellip; </p>
<p class="link-more"><a href="https://church4you.be/namur-lux/resource/les-verts-paturages-de-la-spiritualite/" class="more-link">Continue reading<span class="screen-reader-text"> « Les verts pâturages de la spiritualité »</span></a></p>
