{"id":6942,"date":"2021-09-23T10:44:03","date_gmt":"2021-09-23T08:44:03","guid":{"rendered":"https:\/\/church4you.be\/namur-lux\/?post_type=event&#038;p=6942"},"modified":"2024-03-21T10:52:56","modified_gmt":"2024-03-21T09:52:56","slug":"1mai","status":"publish","type":"event","link":"https:\/\/church4you.be\/namur-lux\/events\/event\/1mai\/","title":{"rendered":"Marche du 1er mai (\u00e9d. 2022)"},"content":{"rendered":"\n<p><strong>Vous le savez d\u00e9sormais, rien ne peut plus arr\u00eater la marche interg\u00e9n\u00e9rationnelle du 1er mai \u00e0 Beauraing ! Ni la crise, ni le fait que cette ann\u00e9e, ce sera un dimanche. Il est temps de bloquer votre agenda, d\u2019en d\u00e9couvrir le th\u00e8me et d\u2019en parler autour de vous.<\/strong><\/p>\n\n\n\n<figure class=\"wp-block-image size-full\"><img loading=\"lazy\" width=\"1895\" height=\"900\" src=\"https:\/\/church4you.be\/namur-lux\/wp-content\/uploads\/sites\/6\/2022\/03\/Illustration-2022.jpg\" alt=\"Illustration-2022\" class=\"wp-image-7548\" srcset=\"https:\/\/church4you.be\/namur-lux\/wp-content\/uploads\/sites\/6\/2022\/03\/Illustration-2022.jpg 1895w, https:\/\/church4you.be\/namur-lux\/wp-content\/uploads\/sites\/6\/2022\/03\/Illustration-2022-580x275.jpg 580w, https:\/\/church4you.be\/namur-lux\/wp-content\/uploads\/sites\/6\/2022\/03\/Illustration-2022-250x119.jpg 250w, https:\/\/church4you.be\/namur-lux\/wp-content\/uploads\/sites\/6\/2022\/03\/Illustration-2022-768x365.jpg 768w, https:\/\/church4you.be\/namur-lux\/wp-content\/uploads\/sites\/6\/2022\/03\/Illustration-2022-1536x729.jpg 1536w, https:\/\/church4you.be\/namur-lux\/wp-content\/uploads\/sites\/6\/2022\/03\/Illustration-2022-75x36.jpg 75w\" sizes=\"(max-width: 1895px) 100vw, 1895px\" \/><\/figure>\n\n\n\n<div class=\"wp-block-columns\">\n<div class=\"wp-block-column\">\n<p class=\"has-text-align-center\"><strong>Les nouveaut\u00e9s !<\/strong><\/p>\n\n\n\n<p>* un parcours renouvel\u00e9<\/p>\n\n\n\n<p>* deux possibilit\u00e9s pour l&rsquo;eucharistie dominicale<\/p>\n\n\n\n<p>* un roadbook en virtuel mais des animations bien r\u00e9elles<\/p>\n\n\n\n<p>* la pr\u00e9sence de notre \u00e9v\u00eaque, Monseigneur Warin (ce n&rsquo;est pas la premi\u00e8re fois, mais bon&#8230;;-) )<\/p>\n\n\n\n<p>* 3 d\u00e9fis \u00e0 r\u00e9aliser \u00e0 n&rsquo;importe quel moment de la journ\u00e9e<\/p>\n\n\n\n<p>* ta pr\u00e9sence ?<\/p>\n<\/div>\n\n\n\n<div class=\"wp-block-column\">\n<p class=\"has-text-align-center\"><strong>Les incontournables &#8230;<\/strong><\/p>\n\n\n\n<p>* fourchette pour l&rsquo;heure de d\u00e9part<\/p>\n\n\n\n<p>* Marie qui nous accueille et nous recueille \u00e0 la fin de la boucle<\/p>\n\n\n\n<p>* une marche de 10km dans une magnifique nature<\/p>\n\n\n\n<p>* un accueil chaleureux \u00e0 midi \u00e0 Quartier Gallet (soupe, sanitaires, &#8230;)<\/p>\n\n\n\n<p>* un fil rouge d\u00e9velopp\u00e9 en animations au fil du chemin<\/p>\n\n\n\n<p>* la bonne humeur que tu apportes et la joie qui nait de notre parcours et nos rencontres<\/p>\n<\/div>\n<\/div>\n\n\n\n<p class=\"has-text-align-center\"><strong>Les aspects pratiques :<\/strong><\/p>\n\n\n\n<p>* un smartphone par groupe avec une bonne batterie ou une batterie externe en compl\u00e9ment<\/p>\n\n\n\n<p>* un crayon ou bic par participant<\/p>\n\n\n\n<p>* ton pique-nique et des boissons en suffisance<\/p>\n\n\n\n<p>* de bonnes chaussures de marche<\/p>\n\n\n\n<p>* des v\u00eatements adapt\u00e9s \u00e0 la m\u00e9t\u00e9o<\/p>\n\n\n\n<p><strong>Attention<\/strong>, il faudra, pour chaque animateur de groupe ou parent, une tablette ou un t\u00e9l\u00e9phone portable avec de la 4G, afin de <a href=\"https:\/\/view.genial.ly\/621754502d381e00190d5dc5\" data-type=\"URL\" data-id=\"https:\/\/view.genial.ly\/621754502d381e00190d5dc5\" target=\"_blank\" rel=\"noreferrer noopener\">se connecter \u00e0 l&rsquo;animation<\/a>.<br>Si vous n&rsquo;avez pas  la possibilit\u00e9 d&rsquo;avoir des donn\u00e9es mobile, il est possible de <a rel=\"noreferrer noopener\" href=\"https:\/\/church4you.be\/namur-lux\/resource\/ouvrir-du-htlm-sur-son-smartphone\/\" data-type=\"URL\" data-id=\"https:\/\/church4you.be\/namur-lux\/resource\/ouvrir-du-htlm-sur-son-smartphone\/\" target=\"_blank\">pr\u00e9-t\u00e9l\u00e9charger l&rsquo;animation<\/a>, \u00e0 la maison quelques jours avant le d\u00e9part. <br><\/p>\n\n\n\n<p>Merci de nous informer, <a href=\"mailto:jeunes@diocesedenamur.be?subject=Intention%20de%20participation%201er%20mai&amp;body=Merci%20de%20nous%20sp%C3%A9cifi%C3%A9%20si%20vous%20%C3%AAtre%20un%20groupe%20ou%20une%20famille%20et%20combien%20vous%20serez%20approximativement%20%3B-%29\">par retour de mail<\/a>, de votre intention de participer (groupe ou famille + nombre) afin de nous aider dans la pr\u00e9paration logistique et vous accueillir au mieux.<\/p>\n\n\n\n<p class=\"has-text-align-center\"><\/p>\n\n\n\n<p><\/p>\n\n\n\n<h2>Le th\u00e8me 2022 : <strong>S\u2019aventurer en relations<\/strong><\/h2>\n\n\n\n<p>Apr\u00e8s 2 ans de crise, nous d\u00e9couvrons que celle qui fut sanitaire est aussi sociale. La guerre touche \u00e9galement l&rsquo;Europe. Plus que jamais nous avons besoin de retisser des lien humains solides.<\/p>\n\n\n\n<p><em>Le Service Jeunes vous propose donc comme th\u00e8me pour cette ann\u00e9e :<\/em><\/p>\n\n\n\n<p><strong>D\u00e9couvrir<\/strong> que nous sommes des \u00eatres relationnels avant m\u00eame d\u2019ouvrir la bouche ou de poster sur les r\u00e9seaux. <strong>D\u00e9couvrir <\/strong>diff\u00e9rentes qualit\u00e9s de relations, ce qui les fait grandir, ce qui leur nuit. <strong>D\u00e9couvrir<em> <\/em><\/strong>une \u00c9glise en marche. <strong>D\u00e9couvrir<\/strong> Celui qui nous invite \u00e0 la relation.<\/p>\n\n\n\n<p>Le lieux et la date de la marche restent identiques afin de nourrir d\u2019un cadre r\u00e9gulier la relation que le Service Jeunes voudrait nouer avec vous.<\/p>\n\n\n\n<p>Vous \u00eates attendus avec impatience. Le 1er mai \u00e0 Beauraing, une journ\u00e9e pour consolider les relations d\u2019amiti\u00e9s, de groupes, familiales ou dioc\u00e9saines.<\/p>\n\n\n\n<h2>Inscription<\/h2>\n\n\n\n<p>Bienvenue, nous vous invitons \u00e0 signaler votre pr\u00e9sence \u00e0 <a href=\"mailto:jeunes@diocesedenamur.be\">jeunes@diocesedenamur.be<\/a> pour que nous pussions vous accueillir au mieux. N\u00e9anmoins, il n&rsquo;y a pas d\u2019inscription obligatoire. <\/p>\n\n\n\n<h2>Horaire<\/h2>\n\n\n\n<p>Vous \u00eates attendu entre <strong>9h et 10h30<\/strong> au sanctuaire avec un smartphone par groupe et le fichier que vous trouverez ici quelques jours avant l&rsquo;\u00e9v\u00e9nement ou un acc\u00e8s \u00e0 Internet par animateur. Nous fournissons un carnet papier pour les participants.<\/p>\n\n\n\n<p>La marche se tenant cette ann\u00e9e un dimanche, il y a une eucharistie pr\u00e9sid\u00e9e par Mgr Warin pr\u00e9vue dans l&rsquo;horaire de la marche \u00e0 11h45 \u00e0 <strong>Quartier Gallet<\/strong>. L&rsquo;eucharistie des sanctuaire est \u00e0 15h45. <br><br><\/p>\n","protected":false},"author":8,"featured_media":7548,"template":"","event-venue":[52],"event-tag":[991,992,73,61],"_links":{"self":[{"href":"https:\/\/church4you.be\/namur-lux\/wp-json\/wp\/v2\/event\/6942"}],"collection":[{"href":"https:\/\/church4you.be\/namur-lux\/wp-json\/wp\/v2\/event"}],"about":[{"href":"https:\/\/church4you.be\/namur-lux\/wp-json\/wp\/v2\/types\/event"}],"author":[{"embeddable":true,"href":"https:\/\/church4you.be\/namur-lux\/wp-json\/wp\/v2\/users\/8"}],"wp:featuredmedia":[{"embeddable":true,"href":"https:\/\/church4you.be\/namur-lux\/wp-json\/wp\/v2\/media\/7548"}],"wp:attachment":[{"href":"https:\/\/church4you.be\/namur-lux\/wp-json\/wp\/v2\/media?parent=6942"}],"wp:term":[{"taxonomy":"event-venue","embeddable":true,"href":"https:\/\/church4you.be\/namur-lux\/wp-json\/wp\/v2\/event-venue?post=6942"},{"taxonomy":"event-tag","embeddable":true,"href":"https:\/\/church4you.be\/namur-lux\/wp-json\/wp\/v2\/event-tag?post=6942"}],"curies":[{"name":"wp","href":"https:\/\/api.w.org\/{rel}","templated":true}]}}

Marche du 1er mai (éd. 2022)

<p><strong>Vous le savez désormais, rien ne peut plus arrêter la marche intergénérationnelle du 1er mai à Beauraing ! Ni la crise, ni le fait que cette année, ce sera un dimanche. Il est temps de bloquer votre agenda, d’en découvrir le thème et d’en parler autour de vous.</strong></p>



<figure class="wp-block-image size-full"><img loading="lazy" width="1895" height="900" src="https://church4you.be/namur-lux/wp-content/uploads/sites/6/2022/03/Illustration-2022.jpg" alt="Illustration-2022" class="wp-image-7548" srcset="https://church4you.be/namur-lux/wp-content/uploads/sites/6/2022/03/Illustration-2022.jpg 1895w, https://church4you.be/namur-lux/wp-content/uploads/sites/6/2022/03/Illustration-2022-580x275.jpg 580w, https://church4you.be/namur-lux/wp-content/uploads/sites/6/2022/03/Illustration-2022-250x119.jpg 250w, https://church4you.be/namur-lux/wp-content/uploads/sites/6/2022/03/Illustration-2022-768x365.jpg 768w, https://church4you.be/namur-lux/wp-content/uploads/sites/6/2022/03/Illustration-2022-1536x729.jpg 1536w, https://church4you.be/namur-lux/wp-content/uploads/sites/6/2022/03/Illustration-2022-75x36.jpg 75w" sizes="(max-width: 1895px) 100vw, 1895px" /></figure>



<div class="wp-block-columns">
<div class="wp-block-column">
<p class="has-text-align-center"><strong>Les nouveautés !</strong></p>



<p>* un parcours renouvelé</p>



<p>* deux possibilités pour l&rsquo;eucharistie dominicale</p>



<p>* un roadbook en virtuel mais des animations bien réelles</p>



<p>* la présence de notre évêque, Monseigneur Warin (ce n&rsquo;est pas la première fois, mais bon&#8230;;-) )</p>



<p>* 3 défis à réaliser à n&rsquo;importe quel moment de la journée</p>



<p>* ta présence ?</p>
</div>



<div class="wp-block-column">
<p class="has-text-align-center"><strong>Les incontournables &#8230;</strong></p>



<p>* fourchette pour l&rsquo;heure de départ</p>



<p>* Marie qui nous accueille et nous recueille à la fin de la boucle</p>



<p>* une marche de 10km dans une magnifique nature</p>



<p>* un accueil chaleureux à midi à Quartier Gallet (soupe, sanitaires, &#8230;)</p>



<p>* un fil rouge développé en animations au fil du chemin</p>



<p>* la bonne humeur que tu apportes et la joie qui nait de notre parcours et nos rencontres</p>
</div>
</div>



<p class="has-text-align-center"><strong>Les aspects pratiques :</strong></p>



<p>* un smartphone par groupe avec une bonne batterie ou une batterie externe en complément</p>



<p>* un crayon ou bic par participant</p>



<p>* ton pique-nique et des boissons en suffisance</p>



<p>* de bonnes chaussures de marche</p>



<p>* des vêtements adaptés à la météo</p>



<p><strong>Attention</strong>, il faudra, pour chaque animateur de groupe ou parent, une tablette ou un téléphone portable avec de la 4G, afin de <a href="https://view.genial.ly/621754502d381e00190d5dc5" data-type="URL" data-id="https://view.genial.ly/621754502d381e00190d5dc5" target="_blank" rel="noreferrer noopener">se connecter à l&rsquo;animation</a>.<br>Si vous n&rsquo;avez pas  la possibilité d&rsquo;avoir des données mobile, il est possible de <a rel="noreferrer noopener" href="https://church4you.be/namur-lux/resource/ouvrir-du-htlm-sur-son-smartphone/" data-type="URL" data-id="https://church4you.be/namur-lux/resource/ouvrir-du-htlm-sur-son-smartphone/" target="_blank">pré-télécharger l&rsquo;animation</a>, à la maison quelques jours avant le départ. <br></p>



<p>Merci de nous informer, <a href="mailto:jeunes@diocesedenamur.be?subject=Intention%20de%20participation%201er%20mai&amp;body=Merci%20de%20nous%20sp%C3%A9cifi%C3%A9%20si%20vous%20%C3%AAtre%20un%20groupe%20ou%20une%20famille%20et%20combien%20vous%20serez%20approximativement%20%3B-%29">par retour de mail</a>, de votre intention de participer (groupe ou famille + nombre) afin de nous aider dans la préparation logistique et vous accueillir au mieux.</p>



<p class="has-text-align-center"></p>



<p></p>



<h2>Le thème 2022 : <strong>S’aventurer en relations</strong></h2>



<p>Après 2 ans de crise, nous découvrons que celle qui fut sanitaire est aussi sociale. La guerre touche également l&rsquo;Europe. Plus que jamais nous avons besoin de retisser des lien humains solides.</p>



<p><em>Le Service Jeunes vous propose donc comme thème pour cette année :</em></p>



<p><strong>Découvrir</strong> que nous sommes des êtres relationnels avant même d’ouvrir la bouche ou de poster sur les réseaux. <strong>Découvrir </strong>différentes qualités de relations, ce qui les fait grandir, ce qui leur nuit. <strong>Découvrir<em> </em></strong>une Église en marche. <strong>Découvrir</strong> Celui qui nous invite à la relation.</p>



<p>Le lieux et la date de la marche restent identiques afin de nourrir d’un cadre régulier la relation que le Service Jeunes voudrait nouer avec vous.</p>



<p>Vous êtes attendus avec impatience. Le 1er mai à Beauraing, une journée pour consolider les relations d’amitiés, de groupes, familiales ou diocésaines.</p>



<h2>Inscription</h2>



<p>Bienvenue, nous vous invitons à signaler votre présence à <a href="mailto:jeunes@diocesedenamur.be">jeunes@diocesedenamur.be</a> pour que nous pussions vous accueillir au mieux. Néanmoins, il n&rsquo;y a pas d’inscription obligatoire. </p>



<h2>Horaire</h2>



<p>Vous êtes attendu entre <strong>9h et 10h30</strong> au sanctuaire avec un smartphone par groupe et le fichier que vous trouverez ici quelques jours avant l&rsquo;événement ou un accès à Internet par animateur. Nous fournissons un carnet papier pour les participants.</p>



<p>La marche se tenant cette année un dimanche, il y a une eucharistie présidée par Mgr Warin prévue dans l&rsquo;horaire de la marche à 11h45 à <strong>Quartier Gallet</strong>. L&rsquo;eucharistie des sanctuaire est à 15h45. <br><br></p>
