{"id":10984,"date":"2024-07-09T15:51:35","date_gmt":"2024-07-09T13:51:35","guid":{"rendered":"https:\/\/church4you.be\/namur-lux\/?post_type=event&#038;p=10984"},"modified":"2024-12-09T21:33:22","modified_gmt":"2024-12-09T20:33:22","slug":"lumiere-pour-la-paix-2024","status":"publish","type":"event","link":"https:\/\/church4you.be\/namur-lux\/events\/event\/lumiere-pour-la-paix-2024\/","title":{"rendered":"Lumi\u00e8re pour la paix Namur 2024"},"content":{"rendered":"\n<p>Un collaboration des scouts de Flawinne et du Service Jeunes<\/p>\n\n\n\n<p><strong>18\/12\/24 \u00e0 17h30 <\/strong>au d\u00e9part du <strong>port de plaisance de Namur<\/strong> (Blvd de la Meuse 40, Jambes). \u00c0 l&rsquo;issue de cette marche le  Service Jeunes accueillera cette lumi\u00e8re pour le dioc\u00e8se de Namur <strong>en la <a href=\"https:\/\/www.google.com\/maps\/place\/Cath%C3%A9drale+Saint-Aubain\/@50.4644836,4.8578707,17z\/data=!3m1!4b1!4m6!3m5!1s0x47c199451efccc3f:0xf81337b2330cf31c!8m2!3d50.4644836!4d4.8604456!16s%2Fm%2F02632np?entry=ttu\">cath\u00e9drale de Namur<\/a><\/strong> o\u00f9 elle restera allum\u00e9e. Cette activit\u00e9 s&rsquo;ach\u00e8vera par un temps convivial.<\/p>\n\n\n\n<p>Bienvenue \u00e0 toutes et tous, paroisses, groupes de jeunes, mouvements ou en individuel de 7 \u00e0 77 ans. N&rsquo;oubliez pas votre lanterne. Pas d&rsquo;inscription n\u00e9cessaire.<\/p>\n\n\n\n<p>Vous ne pouvez pas participer \u00e0 cet \u00e9v\u00e8nement? <a href=\"https:\/\/church4you.be\/namur-lux\/news\/flamme\/\" data-type=\"URL\" data-id=\"https:\/\/church4you.be\/namur-lux\/news\/flamme\/\">D\u00e9couvrez l&rsquo;histoire de la flamme et comment la diffuser \u00e0 votre tour<\/a>.<span data-mce-type=\"bookmark\" id=\"mce_1_start\" data-mce-style=\"overflow:hidden;line-height:0px\" style=\"overflow:hidden;line-height:0px\"><span data-mce-type=\"bookmark\" id=\"mce_1_start\" data-mce-style=\"overflow:hidden;line-height:0px\" style=\"overflow:hidden;line-height:0px\"><\/span><\/p>\n\n\n\n<figure class=\"wp-block-image size-full\"><img loading=\"lazy\" width=\"1920\" height=\"711\" src=\"https:\/\/church4you.be\/namur-lux\/wp-content\/uploads\/sites\/6\/2024\/11\/cover-Namur-2024.jpg\" alt=\"\" class=\"wp-image-11114\" srcset=\"https:\/\/church4you.be\/namur-lux\/wp-content\/uploads\/sites\/6\/2024\/11\/cover-Namur-2024.jpg 1920w, https:\/\/church4you.be\/namur-lux\/wp-content\/uploads\/sites\/6\/2024\/11\/cover-Namur-2024-580x215.jpg 580w, https:\/\/church4you.be\/namur-lux\/wp-content\/uploads\/sites\/6\/2024\/11\/cover-Namur-2024-250x93.jpg 250w, https:\/\/church4you.be\/namur-lux\/wp-content\/uploads\/sites\/6\/2024\/11\/cover-Namur-2024-768x284.jpg 768w, https:\/\/church4you.be\/namur-lux\/wp-content\/uploads\/sites\/6\/2024\/11\/cover-Namur-2024-1536x569.jpg 1536w, https:\/\/church4you.be\/namur-lux\/wp-content\/uploads\/sites\/6\/2024\/11\/cover-Namur-2024-75x28.jpg 75w\" sizes=\"(max-width: 1920px) 100vw, 1920px\" \/><\/figure>\n","protected":false},"author":8,"featured_media":11113,"template":"","event-venue":[862],"event-tag":[],"_links":{"self":[{"href":"https:\/\/church4you.be\/namur-lux\/wp-json\/wp\/v2\/event\/10984"}],"collection":[{"href":"https:\/\/church4you.be\/namur-lux\/wp-json\/wp\/v2\/event"}],"about":[{"href":"https:\/\/church4you.be\/namur-lux\/wp-json\/wp\/v2\/types\/event"}],"author":[{"embeddable":true,"href":"https:\/\/church4you.be\/namur-lux\/wp-json\/wp\/v2\/users\/8"}],"wp:featuredmedia":[{"embeddable":true,"href":"https:\/\/church4you.be\/namur-lux\/wp-json\/wp\/v2\/media\/11113"}],"wp:attachment":[{"href":"https:\/\/church4you.be\/namur-lux\/wp-json\/wp\/v2\/media?parent=10984"}],"wp:term":[{"taxonomy":"event-venue","embeddable":true,"href":"https:\/\/church4you.be\/namur-lux\/wp-json\/wp\/v2\/event-venue?post=10984"},{"taxonomy":"event-tag","embeddable":true,"href":"https:\/\/church4you.be\/namur-lux\/wp-json\/wp\/v2\/event-tag?post=10984"}],"curies":[{"name":"wp","href":"https:\/\/api.w.org\/{rel}","templated":true}]}}

Lumière pour la paix Namur 2024

<p>Un collaboration des scouts de Flawinne et du Service Jeunes</p>



<p><strong>18/12/24 à 17h30 </strong>au départ du <strong>port de plaisance de Namur</strong> (Blvd de la Meuse 40, Jambes). À l&rsquo;issue de cette marche le  Service Jeunes accueillera cette lumière pour le diocèse de Namur <strong>en la <a href="https://www.google.com/maps/place/Cath%C3%A9drale+Saint-Aubain/@50.4644836,4.8578707,17z/data=!3m1!4b1!4m6!3m5!1s0x47c199451efccc3f:0xf81337b2330cf31c!8m2!3d50.4644836!4d4.8604456!16s%2Fm%2F02632np?entry=ttu">cathédrale de Namur</a></strong> où elle restera allumée. Cette activité s&rsquo;achèvera par un temps convivial.</p>



<p>Bienvenue à toutes et tous, paroisses, groupes de jeunes, mouvements ou en individuel de 7 à 77 ans. N&rsquo;oubliez pas votre lanterne. Pas d&rsquo;inscription nécessaire.</p>



<p>Vous ne pouvez pas participer à cet évènement? <a href="https://church4you.be/namur-lux/news/flamme/" data-type="URL" data-id="https://church4you.be/namur-lux/news/flamme/">Découvrez l&rsquo;histoire de la flamme et comment la diffuser à votre tour</a>.<span data-mce-type="bookmark" id="mce_1_start" data-mce-style="overflow:hidden;line-height:0px" style="overflow:hidden;line-height:0px"><span data-mce-type="bookmark" id="mce_1_start" data-mce-style="overflow:hidden;line-height:0px" style="overflow:hidden;line-height:0px"></span></p>



<figure class="wp-block-image size-full"><img loading="lazy" width="1920" height="711" src="https://church4you.be/namur-lux/wp-content/uploads/sites/6/2024/11/cover-Namur-2024.jpg" alt="" class="wp-image-11114" srcset="https://church4you.be/namur-lux/wp-content/uploads/sites/6/2024/11/cover-Namur-2024.jpg 1920w, https://church4you.be/namur-lux/wp-content/uploads/sites/6/2024/11/cover-Namur-2024-580x215.jpg 580w, https://church4you.be/namur-lux/wp-content/uploads/sites/6/2024/11/cover-Namur-2024-250x93.jpg 250w, https://church4you.be/namur-lux/wp-content/uploads/sites/6/2024/11/cover-Namur-2024-768x284.jpg 768w, https://church4you.be/namur-lux/wp-content/uploads/sites/6/2024/11/cover-Namur-2024-1536x569.jpg 1536w, https://church4you.be/namur-lux/wp-content/uploads/sites/6/2024/11/cover-Namur-2024-75x28.jpg 75w" sizes="(max-width: 1920px) 100vw, 1920px" /></figure>
