{"id":905,"date":"2016-05-31T00:00:00","date_gmt":"2016-05-30T22:00:00","guid":{"rendered":"https:\/\/church4you.be\/liege\/resource\/defense-de-nourrir-les-prejuges\/"},"modified":"2020-09-11T10:19:48","modified_gmt":"2020-09-11T08:19:48","slug":"defense-de-nourrir-les-prejuges","status":"publish","type":"resource","link":"https:\/\/church4you.be\/liege\/resource\/defense-de-nourrir-les-prejuges\/","title":{"rendered":"D\u00e9fense de nourrir les pr\u00e9jug\u00e9s"},"content":{"rendered":"<h3>Un spot pour bousculer les pr\u00e9jug\u00e9s afin d\u2019amener chacun \u00e0 s\u2019interroger et \u00e0 s\u2019informer sur l\u2019afflux de refugi\u00e9s.<\/h3>\n<p><strong>Dans les pays travers\u00e9s en vacances, dans les lieux de vill\u00e9giature, lors d\u2019un camp de mouvements de jeunesse ou encore dans leur future classe \u00e0 l\u2019\u00e9cole, nos jeunes feront peut-\u00eatre connaissance d\u2019autres jeunes venus d\u2019ailleurs et qu\u2019on appelle commun\u00e9ment des migrants\/r\u00e9fugi\u00e9s. <\/strong><\/p>\n<p><img loading=\"lazy\" title=\"D\u00e9fense\" src=\"https:\/\/church4you.be\/wp-content\/uploads\/2018\/liege\/prejuges.png\" alt=\"D\u00e9fense\" width=\"564\" height=\"317\" \/><\/p>\n<p>Ils seront alors, une fois de plus, confront\u00e9s et interpell\u00e9s par rapport aux regards et aux dires acerbes de personnes qui consid\u00e8rent ces migrants, ces \u00e9trangers comme des voleurs et profiteurs du syst\u00e8me et soutiennent l\u2019arr\u00eat de leur accueil dans notre pays.<\/p>\n<p>En effet, l\u2019arriv\u00e9e de nombreux demandeurs d\u2019asile ces derniers mois en Belgique a suscit\u00e9 des r\u00e9actions vari\u00e9es : de la curiosit\u00e9, de l\u2019hospitalit\u00e9, mais aussi du rejet ou de la peur. Peur pour son identit\u00e9, peur pour sa s\u00e9curit\u00e9, peur pour son argent.<\/p>\n<p>Or ces inqui\u00e9tudes sont bien souvent fond\u00e9es sur des id\u00e9es toutes faites, des pr\u00e9jug\u00e9s.<\/p>\n<p>C\u2019est pour d\u00e9construire ces pr\u00e9jug\u00e9s au sujet des r\u00e9fugi\u00e9s et des \u00e9trangers qu\u2019une vaste campagne de sensibilisation (faite de films, spots radio, affiches, brochures d\u2019information, \u2026) a \u00e9t\u00e9 lanc\u00e9e.<\/p>\n<p>Ces diff\u00e9rents outils ayant pour seul et m\u00eame message : \u00abC\u2019est des pr\u00e9jug\u00e9s qu\u2019il faut avoir peur, pas des r\u00e9fugi\u00e9s ni des \u00e9trangers\u00bb et dont l\u2019objectif est de bousculer les pr\u00e9jug\u00e9s afin d\u2019amener chacun \u00e0 s\u2019interroger et \u00e0 s\u2019informer.<\/p>\n<p>Ci-dessous le spot de cette campagne, \u00e0 diffuser sans mod\u00e9ration \u00e0 vos jeunes ou \u00e0 mettre en avant sur vos pages FB, sites et blogs de votre groupe.<\/p>\n<p>Ce spot, qui s\u2019inspire d\u2019un fait r\u00e9el particuli\u00e8rement interpellant(*) se base sur le concept simple de jouer sur les mots r\u00e9fugi\u00e9s et pr\u00e9jug\u00e9s en mettant en sc\u00e8ne une conversation entre deux dames assises sur un banc face \u00e0 la mer du Nord.<\/p>\n<p>\u00a0<\/p>\n\n\n<figure class=\"wp-block-embed-youtube wp-block-embed is-type-video is-provider-youtube wp-embed-aspect-16-9 wp-has-aspect-ratio\"><div class=\"wp-block-embed__wrapper\">\n<iframe loading=\"lazy\" title=\"D\u00e9fense de nourrir les pr\u00e9jug\u00e9s - le film\" width=\"500\" height=\"281\" src=\"https:\/\/www.youtube.com\/embed\/p7B3Q25GfbI?feature=oembed\" frameborder=\"0\" allow=\"accelerometer; autoplay; encrypted-media; gyroscope; picture-in-picture\" allowfullscreen><\/iframe>\n<\/div><\/figure>\n\n\n\n<p>(*) Le 1er f\u00e9vrier 2016 le Gouverneur de Flandre occidentale demandait de \u00abne pas nourrir les r\u00e9fugi\u00e9s\u00bb en ajoutant \u00absinon d&rsquo;autres viendront\u00bb.<\/p>\n","protected":false},"excerpt":{"rendered":"<p>Un\u00a0spot\u00a0pour bousculer les\u00a0pr\u00e9jug\u00e9s\u00a0afin d\u2019amener chacun \u00e0 s\u2019interroger et \u00e0 s\u2019informer sur l\u2019afflux de\u00a0r\u00e9fugi\u00e9s.<\/p>\n","protected":false},"author":7,"featured_media":906,"template":"","tags":[1792,1783,1796,1720,1775,1684,1718,1827,1734,1863,1715,1736,1738,1774,1739],"_links":{"self":[{"href":"https:\/\/church4you.be\/liege\/wp-json\/wp\/v2\/resource\/905"}],"collection":[{"href":"https:\/\/church4you.be\/liege\/wp-json\/wp\/v2\/resource"}],"about":[{"href":"https:\/\/church4you.be\/liege\/wp-json\/wp\/v2\/types\/resource"}],"author":[{"embeddable":true,"href":"https:\/\/church4you.be\/liege\/wp-json\/wp\/v2\/users\/7"}],"wp:featuredmedia":[{"embeddable":true,"href":"https:\/\/church4you.be\/liege\/wp-json\/wp\/v2\/media\/906"}],"wp:attachment":[{"href":"https:\/\/church4you.be\/liege\/wp-json\/wp\/v2\/media?parent=905"}],"wp:term":[{"taxonomy":"post_tag","embeddable":true,"href":"https:\/\/church4you.be\/liege\/wp-json\/wp\/v2\/tags?post=905"}],"curies":[{"name":"wp","href":"https:\/\/api.w.org\/{rel}","templated":true}]}}

Défense de nourrir les préjugés

<h3>Un spot pour bousculer les préjugés afin d’amener chacun à s’interroger et à s’informer sur l’afflux de refugiés.</h3>
<p><strong>Dans les pays traversés en vacances, dans les lieux de villégiature, lors d’un camp de mouvements de jeunesse ou encore dans leur future classe à l’école, nos jeunes feront peut-être connaissance d’autres jeunes venus d’ailleurs et qu’on appelle communément des migrants/réfugiés. </strong></p>
<p><img loading="lazy" title="Défense" src="https://church4you.be/wp-content/uploads/2018/liege/prejuges.png" alt="Défense" width="564" height="317" /></p>
<p>Ils seront alors, une fois de plus, confrontés et interpellés par rapport aux regards et aux dires acerbes de personnes qui considèrent ces migrants, ces étrangers comme des voleurs et profiteurs du système et soutiennent l’arrêt de leur accueil dans notre pays.</p>
<p>En effet, l’arrivée de nombreux demandeurs d’asile ces derniers mois en Belgique a suscité des réactions variées : de la curiosité, de l’hospitalité, mais aussi du rejet ou de la peur. Peur pour son identité, peur pour sa sécurité, peur pour son argent.</p>
<p>Or ces inquiétudes sont bien souvent fondées sur des idées toutes faites, des préjugés.</p>
<p>C’est pour déconstruire ces préjugés au sujet des réfugiés et des étrangers qu’une vaste campagne de sensibilisation (faite de films, spots radio, affiches, brochures d’information, …) a été lancée.</p>
<p>Ces différents outils ayant pour seul et même message : «C’est des préjugés qu’il faut avoir peur, pas des réfugiés ni des étrangers» et dont l’objectif est de bousculer les préjugés afin d’amener chacun à s’interroger et à s’informer.</p>
<p>Ci-dessous le spot de cette campagne, à diffuser sans modération à vos jeunes ou à mettre en avant sur vos pages FB, sites et blogs de votre groupe.</p>
<p>Ce spot, qui s’inspire d’un fait réel particulièrement interpellant(*) se base sur le concept simple de jouer sur les mots réfugiés et préjugés en mettant en scène une conversation entre deux dames assises sur un banc face à la mer du Nord.</p>
<p> </p>


<figure class="wp-block-embed-youtube wp-block-embed is-type-video is-provider-youtube wp-embed-aspect-16-9 wp-has-aspect-ratio"><div class="wp-block-embed__wrapper">
<iframe loading="lazy" title="Défense de nourrir les préjugés - le film" width="500" height="281" src="https://www.youtube.com/embed/p7B3Q25GfbI?feature=oembed" frameborder="0" allow="accelerometer; autoplay; encrypted-media; gyroscope; picture-in-picture" allowfullscreen></iframe>
</div></figure>



<p>(*) Le 1er février 2016 le Gouverneur de Flandre occidentale demandait de «ne pas nourrir les réfugiés» en ajoutant «sinon d&rsquo;autres viendront».</p>

<p>Un spot pour bousculer les préjugés afin d’amener chacun à s’interroger et à s’informer sur l’afflux de réfugiés.</p>
