{"id":8047,"date":"2021-11-24T12:12:02","date_gmt":"2021-11-24T11:12:02","guid":{"rendered":"https:\/\/church4you.be\/bruxelles\/?post_type=resource&#038;p=8047"},"modified":"2021-11-24T12:12:03","modified_gmt":"2021-11-24T11:12:03","slug":"calendrier-de-lavent-2021-annee-c","status":"publish","type":"resource","link":"https:\/\/church4you.be\/bruxelles\/resource\/calendrier-de-lavent-2021-annee-c\/","title":{"rendered":"Calendrier de l&rsquo;Avent 2021 &#8211; Ann\u00e9e C"},"content":{"rendered":"\n<div class=\"wp-block-image is-style-default\"><figure class=\"aligncenter size-medium\"><img loading=\"lazy\" width=\"580\" height=\"580\" src=\"https:\/\/church4you.be\/bruxelles\/wp-content\/uploads\/sites\/2\/2021\/11\/127661573_10157401801411568_9056777704273130169_n-580x580.jpg\" alt=\"\" class=\"wp-image-8049\" srcset=\"https:\/\/church4you.be\/bruxelles\/wp-content\/uploads\/sites\/2\/2021\/11\/127661573_10157401801411568_9056777704273130169_n-580x580.jpg 580w, https:\/\/church4you.be\/bruxelles\/wp-content\/uploads\/sites\/2\/2021\/11\/127661573_10157401801411568_9056777704273130169_n-250x250.jpg 250w, https:\/\/church4you.be\/bruxelles\/wp-content\/uploads\/sites\/2\/2021\/11\/127661573_10157401801411568_9056777704273130169_n-768x768.jpg 768w, https:\/\/church4you.be\/bruxelles\/wp-content\/uploads\/sites\/2\/2021\/11\/127661573_10157401801411568_9056777704273130169_n-100x100.jpg 100w, https:\/\/church4you.be\/bruxelles\/wp-content\/uploads\/sites\/2\/2021\/11\/127661573_10157401801411568_9056777704273130169_n-75x75.jpg 75w, https:\/\/church4you.be\/bruxelles\/wp-content\/uploads\/sites\/2\/2021\/11\/127661573_10157401801411568_9056777704273130169_n.jpg 900w\" sizes=\"(max-width: 580px) 100vw, 580px\" \/><\/figure><\/div>\n\n\n\n<p><a href=\"https:\/\/eglise.catholique.fr\/approfondir-sa-foi\/la-celebration-de-la-foi\/les-grandes-fetes-chretiennes\/noel\/369326-avent\/\">Le temps de l\u2019Avent<\/a> s\u2019ouvre le 4e dimanche pr\u00e9c\u00e9dant No\u00ebl. C&rsquo;est la p\u00e9riode durant laquelle les Chr\u00e9tiens se pr\u00e9parent int\u00e9rieurement \u00e0 c\u00e9l\u00e9brer No\u00ebl. Elle nous redit la n\u00e9cessit\u00e9 de la conversion et de la pr\u00e9paration du c\u0153ur \u00e0 travers les diff\u00e9rentes lectures qui nous sont propos\u00e9es.<\/p>\n\n\n\n<p>Depuis le XIX\u00e8me si\u00e8cle, apparaissent de nombreux <a href=\"https:\/\/noel.catholique.fr\/questions\/quest-ce-que-le-calendrier-de-lavent\/quest-ce-que-le-calendrier-de-lavent\/\">calendriers de l&rsquo;Avent <\/a>sous diff\u00e9rentes formes pour nous aider \u00e0 patienter et vivre ce moment de pr\u00e9paration. <\/p>\n\n\n\n<p>Ci-dessous vous trouverez un calendrier de l&rsquo;Avent pour 2021. Il est compos\u00e9 de petites cases \u00e0 d\u00e9couper reprenant chacune un extrait d&rsquo;un des textes du jour, sa r\u00e9f\u00e9rence et une action concr\u00e8te pour nous aider \u00e0 mettre en pratique cette parole et \u00e0 nous pr\u00e9parer \u00e0 la f\u00eate de No\u00ebl.  Il peut \u00eatre imprim\u00e9 sur des feuilles de couleurs pour rendre cela plus vivant. <\/p>\n\n\n\n<div class=\"wp-block-file\"><a href=\"https:\/\/church4you.be\/bruxelles\/wp-content\/uploads\/sites\/2\/2021\/11\/Avent-2021-annee-C.pdf\">Avent-2021-annee-C<\/a><a href=\"https:\/\/church4you.be\/bruxelles\/wp-content\/uploads\/sites\/2\/2021\/11\/Avent-2021-annee-C.pdf\" class=\"wp-block-file__button\" download>T\u00e9l\u00e9charger<\/a><\/div>\n\n\n\n<h2>Plusieurs pistes d&rsquo;animations possibles \u00e0 partir de ce calendrier : <\/h2>\n\n\n\n<ul><li>L&rsquo;imprimer et <strong>l&rsquo;envoyer <\/strong>par la poste aux jeunes de notre groupe de jeunes ou le partager \u00e0 nos amis. <\/li><li><strong>Prendre un temps de partage<\/strong> sur l&rsquo;Avent et se dire comment nous voulons nous pr\u00e9parer \u00e0 No\u00ebl.  <\/li><\/ul>\n\n\n\n<ul><li>Fabriquer <strong>son propre calendrier <\/strong>en r\u00e9alisant une bo\u00eete pour accueillir les petits papiers ou diff\u00e9rents compartiments o\u00f9 une friandise pourra accompagner les diff\u00e9rents papiers.  <a href=\"https:\/\/search.lilo.org\/?q=calendrier%20avant%20diy&amp;tab=images&amp;page=1\">De nombreux exemples sont disponibles sur internet<\/a>.<\/li><\/ul>\n\n\n\n<ul><li>Proposer un temps de partage une fois par semaine ou un peu avant No\u00ebl pour <strong>partager nos exp\u00e9riences<\/strong> de ce calendrier. Quelle est la phrase qui m&rsquo;a le plus marqu\u00e9 cette semaine ? Quelle action a \u00e9t\u00e9 pour moi la plus facile ou la plus difficile ? &#8230; <\/li><\/ul>\n","protected":false},"excerpt":{"rendered":"<p>vous trouverez un calendrier de l&rsquo;Avent pour 2021. Il est compos\u00e9 de petites cases \u00e0 d\u00e9couper reprenant chacune un extrait d&rsquo;un des textes du jour, sa r\u00e9f\u00e9rence et une action concr\u00e8te pour nous aider \u00e0 mettre en pratique cette parole et \u00e0 nous pr\u00e9parer \u00e0 la f\u00eate de No\u00ebl.  Il peut \u00eatre imprim\u00e9 sur des feuilles de couleurs pour rendre cela plus vivant. <\/p>\n","protected":false},"author":4,"featured_media":8049,"template":"","tags":[475,436,473],"_links":{"self":[{"href":"https:\/\/church4you.be\/bruxelles\/wp-json\/wp\/v2\/resource\/8047"}],"collection":[{"href":"https:\/\/church4you.be\/bruxelles\/wp-json\/wp\/v2\/resource"}],"about":[{"href":"https:\/\/church4you.be\/bruxelles\/wp-json\/wp\/v2\/types\/resource"}],"author":[{"embeddable":true,"href":"https:\/\/church4you.be\/bruxelles\/wp-json\/wp\/v2\/users\/4"}],"wp:featuredmedia":[{"embeddable":true,"href":"https:\/\/church4you.be\/bruxelles\/wp-json\/wp\/v2\/media\/8049"}],"wp:attachment":[{"href":"https:\/\/church4you.be\/bruxelles\/wp-json\/wp\/v2\/media?parent=8047"}],"wp:term":[{"taxonomy":"post_tag","embeddable":true,"href":"https:\/\/church4you.be\/bruxelles\/wp-json\/wp\/v2\/tags?post=8047"}],"curies":[{"name":"wp","href":"https:\/\/api.w.org\/{rel}","templated":true}]}}

Calendrier de l&rsquo;Avent 2021 &#8211; Année C

<div class="wp-block-image is-style-default"><figure class="aligncenter size-medium"><img loading="lazy" width="580" height="580" src="https://church4you.be/bruxelles/wp-content/uploads/sites/2/2021/11/127661573_10157401801411568_9056777704273130169_n-580x580.jpg" alt="" class="wp-image-8049" srcset="https://church4you.be/bruxelles/wp-content/uploads/sites/2/2021/11/127661573_10157401801411568_9056777704273130169_n-580x580.jpg 580w, https://church4you.be/bruxelles/wp-content/uploads/sites/2/2021/11/127661573_10157401801411568_9056777704273130169_n-250x250.jpg 250w, https://church4you.be/bruxelles/wp-content/uploads/sites/2/2021/11/127661573_10157401801411568_9056777704273130169_n-768x768.jpg 768w, https://church4you.be/bruxelles/wp-content/uploads/sites/2/2021/11/127661573_10157401801411568_9056777704273130169_n-100x100.jpg 100w, https://church4you.be/bruxelles/wp-content/uploads/sites/2/2021/11/127661573_10157401801411568_9056777704273130169_n-75x75.jpg 75w, https://church4you.be/bruxelles/wp-content/uploads/sites/2/2021/11/127661573_10157401801411568_9056777704273130169_n.jpg 900w" sizes="(max-width: 580px) 100vw, 580px" /></figure></div>



<p><a href="https://eglise.catholique.fr/approfondir-sa-foi/la-celebration-de-la-foi/les-grandes-fetes-chretiennes/noel/369326-avent/">Le temps de l’Avent</a> s’ouvre le 4e dimanche précédant Noël. C&rsquo;est la période durant laquelle les Chrétiens se préparent intérieurement à célébrer Noël. Elle nous redit la nécessité de la conversion et de la préparation du cœur à travers les différentes lectures qui nous sont proposées.</p>



<p>Depuis le XIXème siècle, apparaissent de nombreux <a href="https://noel.catholique.fr/questions/quest-ce-que-le-calendrier-de-lavent/quest-ce-que-le-calendrier-de-lavent/">calendriers de l&rsquo;Avent </a>sous différentes formes pour nous aider à patienter et vivre ce moment de préparation. </p>



<p>Ci-dessous vous trouverez un calendrier de l&rsquo;Avent pour 2021. Il est composé de petites cases à découper reprenant chacune un extrait d&rsquo;un des textes du jour, sa référence et une action concrète pour nous aider à mettre en pratique cette parole et à nous préparer à la fête de Noël.  Il peut être imprimé sur des feuilles de couleurs pour rendre cela plus vivant. </p>



<div class="wp-block-file"><a href="https://church4you.be/bruxelles/wp-content/uploads/sites/2/2021/11/Avent-2021-annee-C.pdf">Avent-2021-annee-C</a><a href="https://church4you.be/bruxelles/wp-content/uploads/sites/2/2021/11/Avent-2021-annee-C.pdf" class="wp-block-file__button" download>Télécharger</a></div>



<h2>Plusieurs pistes d&rsquo;animations possibles à partir de ce calendrier : </h2>



<ul><li>L&rsquo;imprimer et <strong>l&rsquo;envoyer </strong>par la poste aux jeunes de notre groupe de jeunes ou le partager à nos amis. </li><li><strong>Prendre un temps de partage</strong> sur l&rsquo;Avent et se dire comment nous voulons nous préparer à Noël.  </li></ul>



<ul><li>Fabriquer <strong>son propre calendrier </strong>en réalisant une boîte pour accueillir les petits papiers ou différents compartiments où une friandise pourra accompagner les différents papiers.  <a href="https://search.lilo.org/?q=calendrier%20avant%20diy&amp;tab=images&amp;page=1">De nombreux exemples sont disponibles sur internet</a>.</li></ul>



<ul><li>Proposer un temps de partage une fois par semaine ou un peu avant Noël pour <strong>partager nos expériences</strong> de ce calendrier. Quelle est la phrase qui m&rsquo;a le plus marqué cette semaine ? Quelle action a été pour moi la plus facile ou la plus difficile ? &#8230; </li></ul>

<p>vous trouverez un calendrier de l&rsquo;Avent pour 2021. Il est composé de petites cases à découper reprenant chacune un extrait d&rsquo;un des textes du jour, sa référence et une action concrète pour nous aider à mettre en pratique cette parole et à nous préparer à la fête de Noël.  Il peut être imprimé sur des feuilles de couleurs pour rendre cela plus vivant. </p>
