{"id":35986,"date":"2024-03-20T00:12:18","date_gmt":"2024-03-19T23:12:18","guid":{"rendered":"https:\/\/church4you.be\/bruxelles\/?post_type=event&#038;p=35986"},"modified":"2024-03-21T12:06:24","modified_gmt":"2024-03-21T11:06:24","slug":"rencontre-des-15-18-ans","status":"publish","type":"event","link":"https:\/\/church4you.be\/bruxelles\/events\/rencontre-des-15-18-ans\/","title":{"rendered":"Rencontre des 15-18 ans"},"content":{"rendered":"\n<div class=\"wp-block-image\"><figure class=\"aligncenter size-full\"><img loading=\"lazy\" width=\"636\" height=\"900\" src=\"https:\/\/church4you.be\/bruxelles\/wp-content\/uploads\/sites\/2\/2024\/03\/pastojeunesbxl_15_18_ans.png\" alt=\"\" class=\"wp-image-35990\" srcset=\"https:\/\/church4you.be\/bruxelles\/wp-content\/uploads\/sites\/2\/2024\/03\/pastojeunesbxl_15_18_ans.png 636w, https:\/\/church4you.be\/bruxelles\/wp-content\/uploads\/sites\/2\/2024\/03\/pastojeunesbxl_15_18_ans-410x580.png 410w, https:\/\/church4you.be\/bruxelles\/wp-content\/uploads\/sites\/2\/2024\/03\/pastojeunesbxl_15_18_ans-177x250.png 177w, https:\/\/church4you.be\/bruxelles\/wp-content\/uploads\/sites\/2\/2024\/03\/pastojeunesbxl_15_18_ans-53x75.png 53w\" sizes=\"(max-width: 636px) 100vw, 636px\" \/><\/figure><\/div>\n\n\n\n<p>Cette ann\u00e9e, pour tous les jeunes de 15 \u00e0 18 ans d\u00e9sireux de rencontrer d&rsquo;autres jeunes croyants et vivre un super moment d&rsquo;Eglise, nous proposons une d\u00e9couverte et une exp\u00e9rience concr\u00e8te de la solidarit\u00e9 en allant \u00e0 la rencontre de l&rsquo;association Alliance de Mis\u00e9ricorde !<br><br>Alliance de Mis\u00e9ricorde est un mouvement de l&rsquo;Eglise catholique n\u00e9 au Br\u00e9sil et pr\u00e9sent aujourd&rsquo;hui sur plusieurs continents. Elle a pour mission de restaurer la dignit\u00e9 humaine de ceux qui vivent dans des situations d\u2019exclusion sociale.\u00a0Ils cr\u00e9ent un pont entre les favoris\u00e9s et les exclus, entre les\u00a0religions, les cultures et les continents.<br>Chaque semaine, les missionnaires\u00a0vont \u00e0 la rencontre de\u00a0personnes en difficult\u00e9\u00a0avec lesquelles ils cr\u00e9ent un lien d\u2019amiti\u00e9. Ils accueillent \u00e9galement ceux qui le souhaitent dans leur maison <a href=\"https:\/\/www.mademi.info\/\">Mademi <\/a>: soit simplement pour la nuit, soit \u00e0 plus long terme pour ceux qui d\u00e9sirent trouver une situation stable.<br><br>Le th\u00e8me dans lequel on vous propose de plonger cet apr\u00e8s-midi sera donc celui de la <strong>Mis\u00e9ricorde <\/strong>! L&rsquo;amour de Dieu est donn\u00e9 gratuitement \u00e0 chacun d&rsquo;entre nous : faisons-en l&rsquo;exp\u00e9rience et osons, \u00e0 notre tour, aller \u00e0 la rencontre des autres. <\/p>\n\n\n\n<p><strong>Au Programme : <\/strong><\/p>\n\n\n\n<p>&#8211; T\u00e9moignages &#8211; Topo &#8211; Pri\u00e8re<br>&#8211; Chantiers solidaires au service de la mission Mademi <em><span style=\"color:#b3b5b6\" class=\"has-inline-color\">(Pensez \u00e0 prendre des v\u00eatements qui peuvent se salir)<\/span><\/em><br>&#8211; Louange<br>&#8211; Barbecue : service et rencontre des r\u00e9sidents<\/p>\n\n\n\n<p><\/p>\n\n\n\n<p>Nous vous donnons rendez-vous \u00e0 <strong><span class=\"has-inline-color has-event-color\"><em>14h30<\/em><\/span><\/strong><br>\u00e0 Mademi (Maison Alliance de Misericorde) \u00e0 l&rsquo;<span class=\"has-inline-color has-event-color\"><strong><em>Avenue Brugmann, 121, 1190 Uccle<\/em><\/strong><\/span>.&nbsp;<br>La journ\u00e9e finira vers 19h45.<\/p>\n\n\n\n<p><br>Cet \u00e9v\u00e9nement est <strong>gratuit<\/strong> et ouvert \u00e0 tous les jeunes de 15 ans \u00e0 18 ans ! <br>Parlez en autour de vous et invitez largement !<\/p>\n\n\n\n<p><\/p>\n\n\n\n<p><a href=\"https:\/\/forms.gle\/iLUjC9nGvK1ucspj7\" data-type=\"URL\" data-id=\"https:\/\/forms.gle\/iLUjC9nGvK1ucspj7\"><strong>FORMULAIRE D&rsquo;INSCRIPTION : Cliquez ici !<\/strong><\/a><\/p>\n\n\n\n<p><em><span style=\"color:#7b7e80\" class=\"has-inline-color\">Pour les animateurs\/adultes qui inscrivent un groupe de jeunes : vous \u00eates les bienvenus pour rester avec nous durant la journ\u00e9e, mais cela n&rsquo;est pas obligatoire. Vous pourrez le mentionner sur le formulaire d&rsquo;inscription. <\/span><\/em><\/p>\n\n\n\n<p><\/p>\n\n\n\n<p><\/p>\n\n\n\n<p>Toute l&rsquo;\u00e9quipe de la Pastorale des Jeunes de r\u00e9jouit d\u00e9j\u00e0 de vous y voir !<br>Bertrand, David &#8211; padre Chill, Cynthia, David &#8211; Fanta et Ya\u00ebl<\/p>\n\n\n\n<p><\/p>\n","protected":false},"author":4,"featured_media":35990,"template":"","event-venue":[],"event-tag":[],"_links":{"self":[{"href":"https:\/\/church4you.be\/bruxelles\/wp-json\/wp\/v2\/event\/35986"}],"collection":[{"href":"https:\/\/church4you.be\/bruxelles\/wp-json\/wp\/v2\/event"}],"about":[{"href":"https:\/\/church4you.be\/bruxelles\/wp-json\/wp\/v2\/types\/event"}],"author":[{"embeddable":true,"href":"https:\/\/church4you.be\/bruxelles\/wp-json\/wp\/v2\/users\/4"}],"wp:featuredmedia":[{"embeddable":true,"href":"https:\/\/church4you.be\/bruxelles\/wp-json\/wp\/v2\/media\/35990"}],"wp:attachment":[{"href":"https:\/\/church4you.be\/bruxelles\/wp-json\/wp\/v2\/media?parent=35986"}],"wp:term":[{"taxonomy":"event-venue","embeddable":true,"href":"https:\/\/church4you.be\/bruxelles\/wp-json\/wp\/v2\/event-venue?post=35986"},{"taxonomy":"event-tag","embeddable":true,"href":"https:\/\/church4you.be\/bruxelles\/wp-json\/wp\/v2\/event-tag?post=35986"}],"curies":[{"name":"wp","href":"https:\/\/api.w.org\/{rel}","templated":true}]}}

<div class="wp-block-image"><figure class="aligncenter size-full"><img loading="lazy" width="636" height="900" src="https://church4you.be/bruxelles/wp-content/uploads/sites/2/2024/03/pastojeunesbxl_15_18_ans.png" alt="" class="wp-image-35990" srcset="https://church4you.be/bruxelles/wp-content/uploads/sites/2/2024/03/pastojeunesbxl_15_18_ans.png 636w, https://church4you.be/bruxelles/wp-content/uploads/sites/2/2024/03/pastojeunesbxl_15_18_ans-410x580.png 410w, https://church4you.be/bruxelles/wp-content/uploads/sites/2/2024/03/pastojeunesbxl_15_18_ans-177x250.png 177w, https://church4you.be/bruxelles/wp-content/uploads/sites/2/2024/03/pastojeunesbxl_15_18_ans-53x75.png 53w" sizes="(max-width: 636px) 100vw, 636px" /></figure></div>



<p>Cette année, pour tous les jeunes de 15 à 18 ans désireux de rencontrer d&rsquo;autres jeunes croyants et vivre un super moment d&rsquo;Eglise, nous proposons une découverte et une expérience concrète de la solidarité en allant à la rencontre de l&rsquo;association Alliance de Miséricorde !<br><br>Alliance de Miséricorde est un mouvement de l&rsquo;Eglise catholique né au Brésil et présent aujourd&rsquo;hui sur plusieurs continents. Elle a pour mission de restaurer la dignité humaine de ceux qui vivent dans des situations d’exclusion sociale. Ils créent un pont entre les favorisés et les exclus, entre les religions, les cultures et les continents.<br>Chaque semaine, les missionnaires vont à la rencontre de personnes en difficulté avec lesquelles ils créent un lien d’amitié. Ils accueillent également ceux qui le souhaitent dans leur maison <a href="https://www.mademi.info/">Mademi </a>: soit simplement pour la nuit, soit à plus long terme pour ceux qui désirent trouver une situation stable.<br><br>Le thème dans lequel on vous propose de plonger cet après-midi sera donc celui de la <strong>Miséricorde </strong>! L&rsquo;amour de Dieu est donné gratuitement à chacun d&rsquo;entre nous : faisons-en l&rsquo;expérience et osons, à notre tour, aller à la rencontre des autres. </p>



<p><strong>Au Programme : </strong></p>



<p>&#8211; Témoignages &#8211; Topo &#8211; Prière<br>&#8211; Chantiers solidaires au service de la mission Mademi <em><span style="color:#b3b5b6" class="has-inline-color">(Pensez à prendre des vêtements qui peuvent se salir)</span></em><br>&#8211; Louange<br>&#8211; Barbecue : service et rencontre des résidents</p>



<p></p>



<p>Nous vous donnons rendez-vous à <strong><span class="has-inline-color has-event-color"><em>14h30</em></span></strong><br>à Mademi (Maison Alliance de Misericorde) à l&rsquo;<span class="has-inline-color has-event-color"><strong><em>Avenue Brugmann, 121, 1190 Uccle</em></strong></span>.&nbsp;<br>La journée finira vers 19h45.</p>



<p><br>Cet événement est <strong>gratuit</strong> et ouvert à tous les jeunes de 15 ans à 18 ans ! <br>Parlez en autour de vous et invitez largement !</p>



<p></p>



<p><a href="https://forms.gle/iLUjC9nGvK1ucspj7" data-type="URL" data-id="https://forms.gle/iLUjC9nGvK1ucspj7"><strong>FORMULAIRE D&rsquo;INSCRIPTION : Cliquez ici !</strong></a></p>



<p><em><span style="color:#7b7e80" class="has-inline-color">Pour les animateurs/adultes qui inscrivent un groupe de jeunes : vous êtes les bienvenus pour rester avec nous durant la journée, mais cela n&rsquo;est pas obligatoire. Vous pourrez le mentionner sur le formulaire d&rsquo;inscription. </span></em></p>



<p></p>



<p></p>



<p>Toute l&rsquo;équipe de la Pastorale des Jeunes de réjouit déjà de vous y voir !<br>Bertrand, David &#8211; padre Chill, Cynthia, David &#8211; Fanta et Yaël</p>



<p></p>
