{"id":1565,"date":"2019-10-03T00:00:00","date_gmt":"2019-10-02T22:00:00","guid":{"rendered":"https:\/\/church4you.be\/brabant-wallon\/events\/event\/talents4god\/"},"modified":"2019-12-06T17:58:49","modified_gmt":"2019-12-06T16:58:49","slug":"talents4god","status":"publish","type":"event","link":"https:\/\/church4you.be\/brabant-wallon\/?event=talents4god","title":{"rendered":"Talents4God"},"content":{"rendered":"<p>Tu es musicien<br \/>Tu aimes chanter<br \/>Tu veux connaitre les secrets de la sono d\u2019une chorale<br \/>Tu souhaite apprendre \u00e0 confectionner des supports visuels pour les c\u00e9l\u00e9brations<br \/>Un pas de danse? Et beaucoup plus encore!<br \/>De la cr\u00e9ation manuelle?<br \/>Cette journ\u00e9e est pour toi! : journ\u00e9e de louanges et de danses \u00e0 travers divers ateliers musicaux, vocaux, d&rsquo;expression corporelle et de cr\u00e9ation au service de J\u00e9sus.<\/p>\n<p>Talents4God est organis\u00e9 par les p\u00f4les jeunes de Nivelles et Waterloo, la Team \u00e0 Phil, la chorale Imagine, la chorale des familles ND de Mousty et la Pastorale des Jeunes.<\/p>\n","protected":false},"author":1,"featured_media":1743,"template":"","event-venue":[],"event-tag":[76,77,78,72,63,79,60],"_links":{"self":[{"href":"https:\/\/church4you.be\/brabant-wallon\/wp-json\/wp\/v2\/event\/1565"}],"collection":[{"href":"https:\/\/church4you.be\/brabant-wallon\/wp-json\/wp\/v2\/event"}],"about":[{"href":"https:\/\/church4you.be\/brabant-wallon\/wp-json\/wp\/v2\/types\/event"}],"author":[{"embeddable":true,"href":"https:\/\/church4you.be\/brabant-wallon\/wp-json\/wp\/v2\/users\/1"}],"wp:featuredmedia":[{"embeddable":true,"href":"https:\/\/church4you.be\/brabant-wallon\/wp-json\/wp\/v2\/media\/1743"}],"wp:attachment":[{"href":"https:\/\/church4you.be\/brabant-wallon\/wp-json\/wp\/v2\/media?parent=1565"}],"wp:term":[{"taxonomy":"event-venue","embeddable":true,"href":"https:\/\/church4you.be\/brabant-wallon\/wp-json\/wp\/v2\/event-venue?post=1565"},{"taxonomy":"event-tag","embeddable":true,"href":"https:\/\/church4you.be\/brabant-wallon\/wp-json\/wp\/v2\/event-tag?post=1565"}],"curies":[{"name":"wp","href":"https:\/\/api.w.org\/{rel}","templated":true}]}}

<p>Tu es musicien<br />Tu aimes chanter<br />Tu veux connaitre les secrets de la sono d’une chorale<br />Tu souhaite apprendre à confectionner des supports visuels pour les célébrations<br />Un pas de danse? Et beaucoup plus encore!<br />De la création manuelle?<br />Cette journée est pour toi! : journée de louanges et de danses à travers divers ateliers musicaux, vocaux, d&rsquo;expression corporelle et de création au service de Jésus.</p>
<p>Talents4God est organisé par les pôles jeunes de Nivelles et Waterloo, la Team à Phil, la chorale Imagine, la chorale des familles ND de Mousty et la Pastorale des Jeunes.</p>
