{"id":1547,"date":"2017-12-19T00:00:00","date_gmt":"2017-12-18T23:00:00","guid":{"rendered":"https:\/\/church4you.be\/brabant-wallon\/events\/event\/spes-belgique\/"},"modified":"2019-12-06T17:51:14","modified_gmt":"2019-12-06T16:51:14","slug":"spes-belgique","status":"publish","type":"event","link":"https:\/\/church4you.be\/brabant-wallon\/?event=spes-belgique","title":{"rendered":"Spes Belgique"},"content":{"rendered":"<p>Les soir\u00e9es Spes sont organis\u00e9es depuis deux ans \u00e0 Paris. Il s&rsquo;agit d&rsquo;une <strong>veill\u00e9e de pri\u00e8re et de louange anim\u00e9e par Gr\u00e9gory Turpin<\/strong> (venu en concert cette ann\u00e9e \u00e0 Louvain-la-Neuve)<\/p>\n<p>Cette soir\u00e9e est destin\u00e9e prioritairement aux jeunes \u00e0 partir du secondaire jusqu&rsquo;aux jeunes pro. Elle a lieu pour la premi\u00e8re fois en Belgique et viendra cloturer la semaine de l&rsquo;unit\u00e9 des chr\u00e9tiens (et aussi les examens pour les universitaires ;-).<\/p>\n<p>Spes (espoir en latin), une soir\u00e9e phare au coeur de l&rsquo;hiver pour nous retrouver entre chr\u00e9tiens et c\u00e9l\u00e9brer J\u00e9sus.<\/p>\n<p>Invitez vos amis, vos groupes de jeunes, vos mouvements, vos groupes de pri\u00e8res, vos familles, et venez prier nombreux avec nous !<\/p>\n<p>Entr\u00e9e libre\u00a0!<\/p>\n","protected":false},"author":1,"featured_media":0,"template":"","event-venue":[],"event-tag":[29,26,30,27,31,25,28],"_links":{"self":[{"href":"https:\/\/church4you.be\/brabant-wallon\/wp-json\/wp\/v2\/event\/1547"}],"collection":[{"href":"https:\/\/church4you.be\/brabant-wallon\/wp-json\/wp\/v2\/event"}],"about":[{"href":"https:\/\/church4you.be\/brabant-wallon\/wp-json\/wp\/v2\/types\/event"}],"author":[{"embeddable":true,"href":"https:\/\/church4you.be\/brabant-wallon\/wp-json\/wp\/v2\/users\/1"}],"wp:attachment":[{"href":"https:\/\/church4you.be\/brabant-wallon\/wp-json\/wp\/v2\/media?parent=1547"}],"wp:term":[{"taxonomy":"event-venue","embeddable":true,"href":"https:\/\/church4you.be\/brabant-wallon\/wp-json\/wp\/v2\/event-venue?post=1547"},{"taxonomy":"event-tag","embeddable":true,"href":"https:\/\/church4you.be\/brabant-wallon\/wp-json\/wp\/v2\/event-tag?post=1547"}],"curies":[{"name":"wp","href":"https:\/\/api.w.org\/{rel}","templated":true}]}}

<p>Les soirées Spes sont organisées depuis deux ans à Paris. Il s&rsquo;agit d&rsquo;une <strong>veillée de prière et de louange animée par Grégory Turpin</strong> (venu en concert cette année à Louvain-la-Neuve)</p>
<p>Cette soirée est destinée prioritairement aux jeunes à partir du secondaire jusqu&rsquo;aux jeunes pro. Elle a lieu pour la première fois en Belgique et viendra cloturer la semaine de l&rsquo;unité des chrétiens (et aussi les examens pour les universitaires ;-).</p>
<p>Spes (espoir en latin), une soirée phare au coeur de l&rsquo;hiver pour nous retrouver entre chrétiens et célébrer Jésus.</p>
<p>Invitez vos amis, vos groupes de jeunes, vos mouvements, vos groupes de prières, vos familles, et venez prier nombreux avec nous !</p>
<p>Entrée libre !</p>
