{"id":13582,"date":"2026-02-17T11:46:20","date_gmt":"2026-02-17T10:46:20","guid":{"rendered":"https:\/\/church4you.be\/brabant-wallon\/?post_type=event&#038;p=13582"},"modified":"2026-02-17T11:47:52","modified_gmt":"2026-02-17T10:47:52","slug":"mini-pele-jeunes-de-la-semaine-sainte-vlv","status":"publish","type":"event","link":"https:\/\/church4you.be\/brabant-wallon\/?event=mini-pele-jeunes-de-la-semaine-sainte-vlv","title":{"rendered":"Mini-p\u00e9l\u00e9 jeunes de la Semaine Sainte (VLV)"},"content":{"rendered":"<p>Et de 5 ! Depuis 2022, nous organisons chaque ann\u00e9e autour du Dimanche des Rameaux une activit\u00e9 pour les jeunes au sein de l\u2019Unit\u00e9 Pastorale de Villers-la-Ville. Nous sommes heureux d\u2019annoncer la 5\u00e8me \u00e9dition du Mini-p\u00e9l\u00e9 \u201cjeune\u201d de la Semaine Sainte, qui aura lieu \u2026 ben le Dimanche des Rameaux \ud83d\ude0a c\u2019est-\u00e0-dire le dimanche 29 mars prochain, de 14h \u00e0 17h30. Rendez-vous au d\u00e9part, \u00e0 la cure de Marbais (Rue de la Place 11, 1495 Marbais).<\/p>\n<p>Nous te proposons de nous retrouver, avec d\u2019autres jeunes, pour entrer tous ensemble dans la derni\u00e8re ligne droite de la marche vers P\u00e2ques. L\u2019occasion de prier ensemble mais surtout de se rencontrer, de partager, de r\u00e9fl\u00e9chir et de s\u2019amuser ! Le th\u00e8me choisi cette ann\u00e9e est \u201cLes disciples de J\u00e9sus \u00e0 l\u2019\u00e9preuve de la Passion\u201d (le reniement de Pierre, la trahison de Judas, le courage de Jean\u2026)<\/p>\n<p>Le programme ?<br \/>\n* Nous t\u2019accueillons au d\u00e9part et nous faisons un petit jeu pour faire la connaissance de tous.<br \/>\n** Je te fais d\u00e9couvrir le th\u00e8me \u00e0 travers des animations m\u00ealant jeu, r\u00e9flexion et partage.<br \/>\n*** Nous partons en balade (4 km) entre campagne et villages, avec plusieurs haltes rythm\u00e9es de chants et de partage sur le th\u00e8me.<br \/>\n**** Vers 16h00, nous nous arr\u00eatons pour un temps de pri\u00e8re dans l\u2019\u00e9glise de Marbisoux.<br \/>\n***** Nous revenons enfin au point de d\u00e9part pour un go\u00fbter convivial.<\/p>\n<p>Pour qui ?<br \/>\n* Le mini-p\u00e9l\u00e9 s\u2019adresse aux jeunes entre 15 et 30 ans mais tu es le bienvenu(e) si tu es jeune adolescent(e) ou trentenaire !<br \/>\n*Le temps de pri\u00e8re \u00e0 l\u2019\u00e9glise de Marbisoux (Rue de l\u2019\u00e9glise 62, 1495 Marbais) est ouvert \u00e0 tous !<\/p>\n<p>Int\u00e9ress\u00e9 ? Inscris-toi par mail \u00e0 jeuneskato1495@gmail.com !<\/p>\n<p>L\u2019inscription est obligatoire et souhait\u00e9e pour le 21 mars au plus tard, afin, pour toi, de recevoir toutes les infos pratiques et pour nous, de pouvoir adapter l\u2019\u00e9v\u00e9nement au nombre et \u00e0 l\u2019\u00e2ge des jeunes pr\u00e9sents.<\/p>\n<p>Tu h\u00e9sites ? Jette un \u0153il \u00e0 l\u2019article qui parle de l\u2019\u00e9dition 2023 ? \u21e8 https:\/\/church4you.be\/brabant-wallon\/news\/echo-du-temps-jeune-a-villers-la-ville\/ ? D\u2019autres questions ? Contacte-nous par mail !<\/p>\n<p>En esp\u00e9rant t\u2019y voir !<\/p>\n<p>Bon temps de Car\u00eame !<\/p>\n<p>Julien, organisateur, coordinateur du P\u00f4le jeunes VLV<\/p>\n","protected":false},"author":257,"featured_media":13584,"template":"","event-venue":[1592],"event-tag":[1252,148,1317,295,1593,266,134,107,139,153,130,1017,27,969,1405,1329],"_links":{"self":[{"href":"https:\/\/church4you.be\/brabant-wallon\/wp-json\/wp\/v2\/event\/13582"}],"collection":[{"href":"https:\/\/church4you.be\/brabant-wallon\/wp-json\/wp\/v2\/event"}],"about":[{"href":"https:\/\/church4you.be\/brabant-wallon\/wp-json\/wp\/v2\/types\/event"}],"author":[{"embeddable":true,"href":"https:\/\/church4you.be\/brabant-wallon\/wp-json\/wp\/v2\/users\/257"}],"wp:featuredmedia":[{"embeddable":true,"href":"https:\/\/church4you.be\/brabant-wallon\/wp-json\/wp\/v2\/media\/13584"}],"wp:attachment":[{"href":"https:\/\/church4you.be\/brabant-wallon\/wp-json\/wp\/v2\/media?parent=13582"}],"wp:term":[{"taxonomy":"event-venue","embeddable":true,"href":"https:\/\/church4you.be\/brabant-wallon\/wp-json\/wp\/v2\/event-venue?post=13582"},{"taxonomy":"event-tag","embeddable":true,"href":"https:\/\/church4you.be\/brabant-wallon\/wp-json\/wp\/v2\/event-tag?post=13582"}],"curies":[{"name":"wp","href":"https:\/\/api.w.org\/{rel}","templated":true}]}}

Mini-pélé jeunes de la Semaine Sainte (VLV)

<p>Et de 5 ! Depuis 2022, nous organisons chaque année autour du Dimanche des Rameaux une activité pour les jeunes au sein de l’Unité Pastorale de Villers-la-Ville. Nous sommes heureux d’annoncer la 5ème édition du Mini-pélé “jeune” de la Semaine Sainte, qui aura lieu … ben le Dimanche des Rameaux 😊 c’est-à-dire le dimanche 29 mars prochain, de 14h à 17h30. Rendez-vous au départ, à la cure de Marbais (Rue de la Place 11, 1495 Marbais).</p>
<p>Nous te proposons de nous retrouver, avec d’autres jeunes, pour entrer tous ensemble dans la dernière ligne droite de la marche vers Pâques. L’occasion de prier ensemble mais surtout de se rencontrer, de partager, de réfléchir et de s’amuser ! Le thème choisi cette année est “Les disciples de Jésus à l’épreuve de la Passion” (le reniement de Pierre, la trahison de Judas, le courage de Jean…)</p>
<p>Le programme ?<br />
* Nous t’accueillons au départ et nous faisons un petit jeu pour faire la connaissance de tous.<br />
** Je te fais découvrir le thème à travers des animations mêlant jeu, réflexion et partage.<br />
*** Nous partons en balade (4 km) entre campagne et villages, avec plusieurs haltes rythmées de chants et de partage sur le thème.<br />
**** Vers 16h00, nous nous arrêtons pour un temps de prière dans l’église de Marbisoux.<br />
***** Nous revenons enfin au point de départ pour un goûter convivial.</p>
<p>Pour qui ?<br />
* Le mini-pélé s’adresse aux jeunes entre 15 et 30 ans mais tu es le bienvenu(e) si tu es jeune adolescent(e) ou trentenaire !<br />
*Le temps de prière à l’église de Marbisoux (Rue de l’église 62, 1495 Marbais) est ouvert à tous !</p>
<p>Intéressé ? Inscris-toi par mail à jeuneskato1495@gmail.com !</p>
<p>L’inscription est obligatoire et souhaitée pour le 21 mars au plus tard, afin, pour toi, de recevoir toutes les infos pratiques et pour nous, de pouvoir adapter l’événement au nombre et à l’âge des jeunes présents.</p>
<p>Tu hésites ? Jette un œil à l’article qui parle de l’édition 2023 ? ⇨ https://church4you.be/brabant-wallon/news/echo-du-temps-jeune-a-villers-la-ville/ ? D’autres questions ? Contacte-nous par mail !</p>
<p>En espérant t’y voir !</p>
<p>Bon temps de Carême !</p>
<p>Julien, organisateur, coordinateur du Pôle jeunes VLV</p>
