{"id":13380,"date":"2025-06-11T11:03:18","date_gmt":"2025-06-11T09:03:18","guid":{"rendered":"https:\/\/church4you.be\/brabant-wallon\/?post_type=event&#038;p=13380"},"modified":"2025-08-28T14:40:31","modified_gmt":"2025-08-28T12:40:31","slug":"journee-pele-cycle","status":"publish","type":"event","link":"https:\/\/church4you.be\/brabant-wallon\/?event=journee-pele-cycle","title":{"rendered":"JOURN\u00c9E P\u00c9L\u00c9CYCLE \u00c0 NIVELLES \ud83d\udeb4\u200d\u2642\ufe0f"},"content":{"rendered":"\n<figure class=\"wp-block-image size-full\"><img loading=\"lazy\" width=\"636\" height=\"900\" src=\"https:\/\/church4you.be\/brabant-wallon\/wp-content\/uploads\/sites\/3\/2025\/06\/21-09-Journee-Pelecycle.png\" alt=\"\" class=\"wp-image-13384\" srcset=\"https:\/\/church4you.be\/brabant-wallon\/wp-content\/uploads\/sites\/3\/2025\/06\/21-09-Journee-Pelecycle.png 636w, https:\/\/church4you.be\/brabant-wallon\/wp-content\/uploads\/sites\/3\/2025\/06\/21-09-Journee-Pelecycle-410x580.png 410w, https:\/\/church4you.be\/brabant-wallon\/wp-content\/uploads\/sites\/3\/2025\/06\/21-09-Journee-Pelecycle-177x250.png 177w, https:\/\/church4you.be\/brabant-wallon\/wp-content\/uploads\/sites\/3\/2025\/06\/21-09-Journee-Pelecycle-53x75.png 53w\" sizes=\"(max-width: 636px) 100vw, 636px\" \/><\/figure>\n\n\n\n<p><strong>Rejoins-nous le dimanche 21 septembre \u00e0 Nivelles pour une journ\u00e9e pas comme les autres !<\/strong><\/p>\n\n\n\n<p>\ud83d\udee3\ufe0f&nbsp;<strong>Au programme :<\/strong><\/p>\n\n\n\n<ul><li>Un trajet \u00e0 v\u00e9lo avec des activit\u00e9s tout au long du chemin<\/li><li>Un ap\u00e9ro convivial \u00e0 la Coll\u00e9giale de Nivelles<\/li><li>Et pour finir&nbsp;: une soir\u00e9e d&rsquo;adoration et de louange&nbsp;!<\/li><\/ul>\n\n\n\n<p>\ud83d\udc49 Pour t&rsquo;inscrire, compl\u00e8te ce <a href=\"https:\/\/forms.gle\/BKSWTmbJkR3NhvYWA\" data-type=\"URL\" data-id=\"https:\/\/forms.gle\/BKSWTmbJkR3NhvYWA\">Google Forms. <\/a><\/p>\n","protected":false},"author":5,"featured_media":13384,"template":"","event-venue":[9],"event-tag":[30,1561],"_links":{"self":[{"href":"https:\/\/church4you.be\/brabant-wallon\/wp-json\/wp\/v2\/event\/13380"}],"collection":[{"href":"https:\/\/church4you.be\/brabant-wallon\/wp-json\/wp\/v2\/event"}],"about":[{"href":"https:\/\/church4you.be\/brabant-wallon\/wp-json\/wp\/v2\/types\/event"}],"author":[{"embeddable":true,"href":"https:\/\/church4you.be\/brabant-wallon\/wp-json\/wp\/v2\/users\/5"}],"wp:featuredmedia":[{"embeddable":true,"href":"https:\/\/church4you.be\/brabant-wallon\/wp-json\/wp\/v2\/media\/13384"}],"wp:attachment":[{"href":"https:\/\/church4you.be\/brabant-wallon\/wp-json\/wp\/v2\/media?parent=13380"}],"wp:term":[{"taxonomy":"event-venue","embeddable":true,"href":"https:\/\/church4you.be\/brabant-wallon\/wp-json\/wp\/v2\/event-venue?post=13380"},{"taxonomy":"event-tag","embeddable":true,"href":"https:\/\/church4you.be\/brabant-wallon\/wp-json\/wp\/v2\/event-tag?post=13380"}],"curies":[{"name":"wp","href":"https:\/\/api.w.org\/{rel}","templated":true}]}}

JOURNÉE PÉLÉCYCLE À NIVELLES 🚴‍♂️

<figure class="wp-block-image size-full"><img loading="lazy" width="636" height="900" src="https://church4you.be/brabant-wallon/wp-content/uploads/sites/3/2025/06/21-09-Journee-Pelecycle.png" alt="" class="wp-image-13384" srcset="https://church4you.be/brabant-wallon/wp-content/uploads/sites/3/2025/06/21-09-Journee-Pelecycle.png 636w, https://church4you.be/brabant-wallon/wp-content/uploads/sites/3/2025/06/21-09-Journee-Pelecycle-410x580.png 410w, https://church4you.be/brabant-wallon/wp-content/uploads/sites/3/2025/06/21-09-Journee-Pelecycle-177x250.png 177w, https://church4you.be/brabant-wallon/wp-content/uploads/sites/3/2025/06/21-09-Journee-Pelecycle-53x75.png 53w" sizes="(max-width: 636px) 100vw, 636px" /></figure>



<p><strong>Rejoins-nous le dimanche 21 septembre à Nivelles pour une journée pas comme les autres !</strong></p>



<p>🛣️&nbsp;<strong>Au programme :</strong></p>



<ul><li>Un trajet à vélo avec des activités tout au long du chemin</li><li>Un apéro convivial à la Collégiale de Nivelles</li><li>Et pour finir&nbsp;: une soirée d&rsquo;adoration et de louange&nbsp;!</li></ul>



<p>👉 Pour t&rsquo;inscrire, complète ce <a href="https://forms.gle/BKSWTmbJkR3NhvYWA" data-type="URL" data-id="https://forms.gle/BKSWTmbJkR3NhvYWA">Google Forms. </a></p>
