{"id":13342,"date":"2025-05-19T11:39:54","date_gmt":"2025-05-19T09:39:54","guid":{"rendered":"https:\/\/church4you.be\/brabant-wallon\/?post_type=event&#038;p=13342"},"modified":"2025-05-19T11:40:25","modified_gmt":"2025-05-19T09:40:25","slug":"week-end-de-pentecote-avec-la-communaute-des-beatitudes","status":"publish","type":"event","link":"https:\/\/church4you.be\/brabant-wallon\/?event=week-end-de-pentecote-avec-la-communaute-des-beatitudes","title":{"rendered":"Week-end de Pentec\u00f4te avec la Communaut\u00e9 des B\u00e9atitudes"},"content":{"rendered":"\n<figure class=\"wp-block-image size-full\"><img loading=\"lazy\" width=\"1273\" height=\"900\" src=\"https:\/\/church4you.be\/brabant-wallon\/wp-content\/uploads\/sites\/3\/2025\/05\/W-E-Pentecote-Beatitudes-6-8.06.jpg\" alt=\"\" class=\"wp-image-13343\" srcset=\"https:\/\/church4you.be\/brabant-wallon\/wp-content\/uploads\/sites\/3\/2025\/05\/W-E-Pentecote-Beatitudes-6-8.06.jpg 1273w, https:\/\/church4you.be\/brabant-wallon\/wp-content\/uploads\/sites\/3\/2025\/05\/W-E-Pentecote-Beatitudes-6-8.06-580x410.jpg 580w, https:\/\/church4you.be\/brabant-wallon\/wp-content\/uploads\/sites\/3\/2025\/05\/W-E-Pentecote-Beatitudes-6-8.06-250x177.jpg 250w, https:\/\/church4you.be\/brabant-wallon\/wp-content\/uploads\/sites\/3\/2025\/05\/W-E-Pentecote-Beatitudes-6-8.06-768x543.jpg 768w, https:\/\/church4you.be\/brabant-wallon\/wp-content\/uploads\/sites\/3\/2025\/05\/W-E-Pentecote-Beatitudes-6-8.06-75x53.jpg 75w\" sizes=\"(max-width: 1273px) 100vw, 1273px\" \/><\/figure>\n\n\n\n<p class=\"has-text-align-center\">\u00ab\u00a0Vivre de l&rsquo;Esprit-Saint !\u00a0\u00bb<\/p>\n\n\n\n<p>La Communaut\u00e9 des B\u00e9atitudes vous invite \u00e0 vivre un week-end de Pentec\u00f4te en sa compagnie. Venez vous ressourcer dans un cadre paisible et port\u00e9 par la pri\u00e8re.<\/p>\n\n\n\n<p>\ud83d\udcc6 Du vendredi 6 au dimanche 8 juin<\/p>\n\n\n\n<p>Au programme :<\/p>\n\n\n\n<ul><li>Temps de pri\u00e8re<\/li><li>Enseignements<\/li><li>Sacrement de r\u00e9conciliation<\/li><li>Accompagnements<\/li><li>Partages fraternels<\/li><\/ul>\n\n\n\n<p><a href=\"https:\/\/beatitudes.org\/evenement\/pentecote-thy\/\">Infos et inscriptions<\/a><\/p>\n","protected":false},"author":5,"featured_media":13343,"template":"","event-venue":[],"event-tag":[],"_links":{"self":[{"href":"https:\/\/church4you.be\/brabant-wallon\/wp-json\/wp\/v2\/event\/13342"}],"collection":[{"href":"https:\/\/church4you.be\/brabant-wallon\/wp-json\/wp\/v2\/event"}],"about":[{"href":"https:\/\/church4you.be\/brabant-wallon\/wp-json\/wp\/v2\/types\/event"}],"author":[{"embeddable":true,"href":"https:\/\/church4you.be\/brabant-wallon\/wp-json\/wp\/v2\/users\/5"}],"wp:featuredmedia":[{"embeddable":true,"href":"https:\/\/church4you.be\/brabant-wallon\/wp-json\/wp\/v2\/media\/13343"}],"wp:attachment":[{"href":"https:\/\/church4you.be\/brabant-wallon\/wp-json\/wp\/v2\/media?parent=13342"}],"wp:term":[{"taxonomy":"event-venue","embeddable":true,"href":"https:\/\/church4you.be\/brabant-wallon\/wp-json\/wp\/v2\/event-venue?post=13342"},{"taxonomy":"event-tag","embeddable":true,"href":"https:\/\/church4you.be\/brabant-wallon\/wp-json\/wp\/v2\/event-tag?post=13342"}],"curies":[{"name":"wp","href":"https:\/\/api.w.org\/{rel}","templated":true}]}}

Week-end de Pentecôte avec la Communauté des Béatitudes

<figure class="wp-block-image size-full"><img loading="lazy" width="1273" height="900" src="https://church4you.be/brabant-wallon/wp-content/uploads/sites/3/2025/05/W-E-Pentecote-Beatitudes-6-8.06.jpg" alt="" class="wp-image-13343" srcset="https://church4you.be/brabant-wallon/wp-content/uploads/sites/3/2025/05/W-E-Pentecote-Beatitudes-6-8.06.jpg 1273w, https://church4you.be/brabant-wallon/wp-content/uploads/sites/3/2025/05/W-E-Pentecote-Beatitudes-6-8.06-580x410.jpg 580w, https://church4you.be/brabant-wallon/wp-content/uploads/sites/3/2025/05/W-E-Pentecote-Beatitudes-6-8.06-250x177.jpg 250w, https://church4you.be/brabant-wallon/wp-content/uploads/sites/3/2025/05/W-E-Pentecote-Beatitudes-6-8.06-768x543.jpg 768w, https://church4you.be/brabant-wallon/wp-content/uploads/sites/3/2025/05/W-E-Pentecote-Beatitudes-6-8.06-75x53.jpg 75w" sizes="(max-width: 1273px) 100vw, 1273px" /></figure>



<p class="has-text-align-center">« Vivre de l&rsquo;Esprit-Saint ! »</p>



<p>La Communauté des Béatitudes vous invite à vivre un week-end de Pentecôte en sa compagnie. Venez vous ressourcer dans un cadre paisible et porté par la prière.</p>



<p>📆 Du vendredi 6 au dimanche 8 juin</p>



<p>Au programme :</p>



<ul><li>Temps de prière</li><li>Enseignements</li><li>Sacrement de réconciliation</li><li>Accompagnements</li><li>Partages fraternels</li></ul>



<p><a href="https://beatitudes.org/evenement/pentecote-thy/">Infos et inscriptions</a></p>
